CRAN Package Check Results for Package spotifyr

Last updated on 2021-12-03 06:49:19 CET.

Flavor Version Tinstall Tcheck Ttotal Status Flags
r-devel-linux-x86_64-debian-clang 2.2.3 12.82 109.16 121.98 OK
r-devel-linux-x86_64-debian-gcc 2.2.3 9.84 81.92 91.76 OK
r-devel-linux-x86_64-fedora-clang 2.2.3 157.86 NOTE
r-devel-linux-x86_64-fedora-gcc 2.2.3 143.71 NOTE
r-devel-windows-x86_64-new-UL 2.2.3 30.00 152.00 182.00 OK
r-devel-windows-x86_64-new-TK 2.2.3 NOTE
r-devel-windows-x86_64-old 2.2.3 22.00 99.00 121.00 OK
r-patched-linux-x86_64 2.2.3 14.46 102.43 116.89 OK
r-patched-solaris-x86 2.2.3 200.90 NOTE
r-release-linux-x86_64 2.2.3 11.76 102.80 114.56 OK
r-release-macos-arm64 2.2.3 NOTE
r-release-macos-x86_64 2.2.3 NOTE
r-release-windows-ix86+x86_64 2.2.3 30.00 135.00 165.00 OK
r-oldrel-macos-x86_64 2.2.3 NOTE
r-oldrel-windows-ix86+x86_64 2.2.3 30.00 131.00 161.00 OK

Check Details

Version: 2.2.3
Check: dependencies in R code
Result: NOTE
    Namespace in Imports field not imported from: ‘ggridges’
     All declared Imports should be used.
Flavors: r-devel-linux-x86_64-fedora-clang, r-devel-linux-x86_64-fedora-gcc, r-devel-windows-x86_64-new-TK, r-patched-solaris-x86, r-release-macos-arm64, r-release-macos-x86_64, r-oldrel-macos-x86_64