Last updated on 2021-04-17 06:46:58 CEST.
Flavor | Version | Tinstall | Tcheck | Ttotal | Status | Flags |
---|---|---|---|---|---|---|
r-devel-linux-x86_64-debian-clang | 4.1.4 | 40.20 | 274.76 | 314.96 | OK | --no-vignettes |
r-devel-linux-x86_64-debian-gcc | 4.1.4 | 34.37 | 203.16 | 237.53 | OK | --no-vignettes |
r-devel-linux-x86_64-fedora-clang | 4.1.4 | 1329.94 | OK | |||
r-devel-linux-x86_64-fedora-gcc | 4.1.4 | 1318.57 | OK | |||
r-devel-windows-ix86+x86_64 | 4.1.4 | 73.00 | 242.00 | 315.00 | OK | --no-vignettes |
r-devel-windows-x86_64-gcc10-UCRT | 4.1.4 | OK | ||||
r-patched-linux-x86_64 | 4.1.4 | 37.98 | 245.88 | 283.86 | OK | --no-vignettes |
r-patched-solaris-x86 | 4.1.4 | 613.80 | NOTE | --no-vignettes | ||
r-release-linux-x86_64 | 4.1.4 | 34.85 | 246.56 | 281.41 | OK | --no-vignettes |
r-release-macos-x86_64 | 4.1.4 | OK | ||||
r-oldrel-macos-x86_64 | 4.1.4 | OK | ||||
r-oldrel-windows-ix86+x86_64 | 4.1.4 | 47.00 | 284.00 | 331.00 | OK | --no-vignettes |
Version: 4.1.4
Flags: --no-vignettes
Check: installed package size
Result: NOTE
installed size is 5.4Mb
sub-directories of 1Mb or more:
doc 2.9Mb
Flavor: r-patched-solaris-x86