Last updated on 2023-03-21 15:52:32 CET.
Flavor | Version | Tinstall | Tcheck | Ttotal | Status | Flags |
---|---|---|---|---|---|---|
r-devel-linux-x86_64-debian-clang | 0.1.1 | 14.17 | 136.93 | 151.10 | OK | |
r-devel-linux-x86_64-debian-gcc | 0.1.1 | 11.10 | 101.51 | 112.61 | OK | |
r-devel-linux-x86_64-fedora-clang | 0.1.1 | 186.41 | OK | |||
r-devel-linux-x86_64-fedora-gcc | 0.1.1 | 174.98 | OK | |||
r-patched-linux-x86_64 | 0.1.1 | 15.51 | 127.08 | 142.59 | OK | |
r-release-linux-x86_64 | 0.1.1 | 11.46 | 125.07 | 136.53 | OK | |
r-release-macos-arm64 | 0.1.1 | 51.00 | OK | |||
r-release-macos-x86_64 | 0.1.1 | 70.00 | OK | |||
r-release-windows-x86_64 | 0.1.1 | 23.00 | 149.00 | 172.00 | OK | |
r-oldrel-macos-arm64 | 0.1.1 | 48.00 | OK | |||
r-oldrel-macos-x86_64 | 0.1.1 | 73.00 | OK | |||
r-oldrel-windows-ix86+x86_64 | 0.1.1 | 35.00 | 151.00 | 186.00 | NOTE |
Version: 0.1.1
Check: R code for possible problems
Result: NOTE
Initiating curl with CURL_SSL_BACKEND: openssl
Flavor: r-oldrel-windows-ix86+x86_64