Last updated on 2023-03-21 15:52:32 CET.
Flavor | Version | Tinstall | Tcheck | Ttotal | Status | Flags |
---|---|---|---|---|---|---|
r-devel-linux-x86_64-debian-clang | 0.1.0 | 2.86 | 33.90 | 36.76 | OK | |
r-devel-linux-x86_64-debian-gcc | 0.1.0 | 2.60 | 26.18 | 28.78 | OK | |
r-devel-linux-x86_64-fedora-clang | 0.1.0 | 47.62 | OK | |||
r-devel-linux-x86_64-fedora-gcc | 0.1.0 | 44.15 | OK | |||
r-patched-linux-x86_64 | 0.1.0 | 2.70 | 34.08 | 36.78 | OK | |
r-release-linux-x86_64 | 0.1.0 | 2.48 | 33.96 | 36.44 | OK | |
r-release-macos-arm64 | 0.1.0 | 19.00 | NOTE | |||
r-release-macos-x86_64 | 0.1.0 | 33.00 | NOTE | |||
r-release-windows-x86_64 | 0.1.0 | 16.00 | 63.00 | 79.00 | OK | |
r-oldrel-macos-arm64 | 0.1.0 | 23.00 | NOTE | |||
r-oldrel-macos-x86_64 | 0.1.0 | 31.00 | NOTE | |||
r-oldrel-windows-ix86+x86_64 | 0.1.0 | 8.00 | 64.00 | 72.00 | OK |
Version: 0.1.0
Check: package dependencies
Result: NOTE
Package suggested but not available for checking: ‘scanstatistics’
Flavors: r-release-macos-arm64, r-release-macos-x86_64, r-oldrel-macos-arm64, r-oldrel-macos-x86_64