CRAN Package Check Results for Package st

Last updated on 2024-06-13 06:58:19 CEST.

Flavor Version Tinstall Tcheck Ttotal Status Flags
r-devel-linux-x86_64-debian-clang 1.2.7 3.03 32.06 35.09 OK
r-devel-linux-x86_64-debian-gcc 1.2.7 1.85 25.60 27.45 NOTE
r-devel-linux-x86_64-fedora-clang 1.2.7 46.02 OK
r-devel-linux-x86_64-fedora-gcc 1.2.7 44.10 OK
r-devel-windows-x86_64 1.2.7 4.00 50.00 54.00 OK
r-patched-linux-x86_64 1.2.7 3.44 33.09 36.53 OK
r-release-linux-x86_64 1.2.7 2.78 32.62 35.40 OK
r-release-macos-arm64 1.2.7 19.00 OK
r-release-macos-x86_64 1.2.7 30.00 OK
r-release-windows-x86_64 1.2.7 3.00 51.00 54.00 OK
r-oldrel-macos-arm64 1.2.7 22.00 OK
r-oldrel-macos-x86_64 1.2.7 29.00 OK
r-oldrel-windows-x86_64 1.2.7 4.00 52.00 56.00 OK

Check Details

Version: 1.2.7
Check: package dependencies
Result: NOTE Package suggested but not available for checking: ‘samr’ Flavor: r-devel-linux-x86_64-debian-gcc