CRAN Package Check Results for Package stUPscales

Last updated on 2020-09-25 06:50:12 CEST.

Flavor Version Tinstall Tcheck Ttotal Status Flags
r-devel-linux-x86_64-debian-clang 1.0.3.4 19.13 186.76 205.89 NOTE
r-devel-linux-x86_64-debian-gcc 1.0.3.4 15.48 139.08 154.56 NOTE
r-devel-linux-x86_64-fedora-clang 1.0.3.4 280.52 NOTE
r-devel-linux-x86_64-fedora-gcc 1.0.3.4 239.75 NOTE
r-devel-windows-ix86+x86_64 1.0.3.4 54.00 274.00 328.00 OK
r-patched-linux-x86_64 1.0.3.4 17.20 173.44 190.64 NOTE
r-patched-solaris-x86 1.0.3.4 342.90 NOTE
r-release-linux-x86_64 1.0.3.4 17.24 169.78 187.02 NOTE
r-release-macos-x86_64 1.0.3.4 OK
r-release-windows-ix86+x86_64 1.0.3.4 58.00 298.00 356.00 OK
r-oldrel-macos-x86_64 1.0.3.4 ERROR
r-oldrel-windows-ix86+x86_64 1.0.3.4 45.00 274.00 319.00 OK

Check Details

Version: 1.0.3.4
Check: for non-standard things in the check directory
Result: NOTE
    Found the following files/directories:
     'EmiStatR_output' 'ExamplePlot-event.pdf' 'ExamplePlot-season.pdf'
     'Output1_MC-uncertainty_360min-event.pdf'
     'Output1_MC-uncertainty_360min-season.pdf' 'gof.RData' 'gof.csv'
     'gofGoF_results.RData' 'gofGoF_results.csv' 'mc.RData' 'sim1.RData'
     'summ.RData' 'variance.RData'
Flavors: r-devel-linux-x86_64-debian-clang, r-devel-linux-x86_64-debian-gcc, r-devel-linux-x86_64-fedora-clang, r-devel-linux-x86_64-fedora-gcc, r-patched-linux-x86_64, r-patched-solaris-x86, r-release-linux-x86_64

Version: 1.0.3.4
Check: package dependencies
Result: ERROR
    Package required but not available: ‘EmiStatR’
    
    See section ‘The DESCRIPTION file’ in the ‘Writing R Extensions’
    manual.
Flavor: r-oldrel-macos-x86_64