CRAN Package Check Results for Package sta

Last updated on 2022-01-21 07:52:50 CET.

Flavor Version Tinstall Tcheck Ttotal Status Flags
r-devel-linux-x86_64-debian-clang 0.1.5 OK
r-devel-linux-x86_64-debian-gcc 0.1.5 25.87 198.21 224.08 OK
r-devel-linux-x86_64-fedora-clang 0.1.5 354.45 NOTE
r-devel-linux-x86_64-fedora-gcc 0.1.5 341.03 NOTE
r-devel-windows-x86_64-new-UL 0.1.5 34.00 263.00 297.00 OK
r-devel-windows-x86_64-new-TK 0.1.5 NOTE
r-patched-linux-x86_64 0.1.5 25.96 262.23 288.19 OK
r-release-linux-x86_64 0.1.5 30.77 254.19 284.96 OK
r-release-macos-arm64 0.1.5 NOTE
r-release-macos-x86_64 0.1.5 NOTE
r-release-windows-ix86+x86_64 0.1.5 68.00 271.00 339.00 OK
r-oldrel-macos-x86_64 0.1.5 NOTE
r-oldrel-windows-ix86+x86_64 0.1.5 73.00 291.00 364.00 OK

Check Details

Version: 0.1.5
Check: dependencies in R code
Result: NOTE
    Namespaces in Imports field not imported from:
     ‘iterators’ ‘methods’ ‘rgdal’
     All declared Imports should be used.
Flavors: r-devel-linux-x86_64-fedora-clang, r-devel-linux-x86_64-fedora-gcc, r-devel-windows-x86_64-new-TK, r-release-macos-arm64, r-release-macos-x86_64, r-oldrel-macos-x86_64