Last updated on 2023-03-26 06:53:38 CEST.
Flavor | Version | Tinstall | Tcheck | Ttotal | Status | Flags |
---|---|---|---|---|---|---|
r-devel-linux-x86_64-debian-clang | 1.1.25 | 22.76 | 292.06 | 314.82 | OK | |
r-devel-linux-x86_64-debian-gcc | 1.1.25 | 16.19 | 216.81 | 233.00 | OK | |
r-devel-linux-x86_64-fedora-clang | 1.1.25 | 380.36 | OK | |||
r-devel-linux-x86_64-fedora-gcc | 1.1.25 | 374.47 | OK | |||
r-patched-linux-x86_64 | 1.1.25 | 26.05 | 269.15 | 295.20 | OK | |
r-release-linux-x86_64 | 1.1.25 | 18.26 | 273.03 | 291.29 | OK | |
r-release-macos-arm64 | 1.1.25 | 126.00 | OK | |||
r-release-macos-x86_64 | 1.1.25 | 257.00 | NOTE | |||
r-release-windows-x86_64 | 1.1.25 | 85.00 | 401.00 | 486.00 | OK | |
r-oldrel-macos-arm64 | 1.1.25 | 117.00 | OK | |||
r-oldrel-macos-x86_64 | 1.1.25 | 181.00 | OK | |||
r-oldrel-windows-ix86+x86_64 | 1.1.25 | 42.00 | 396.00 | 438.00 | OK |
Version: 1.1.25
Check: package dependencies
Result: NOTE
Package suggested but not available for checking: ‘xlsx’
Flavor: r-release-macos-x86_64