CRAN Package Check Results for Package stabreg

Last updated on 2022-08-17 06:51:30 CEST.

Flavor Version Tinstall Tcheck Ttotal Status Flags
r-devel-linux-x86_64-debian-clang 0.1.2 3.76 27.30 31.06 NOTE
r-devel-linux-x86_64-debian-gcc 0.1.2 NOTE
r-devel-linux-x86_64-fedora-clang 0.1.2 49.16 NOTE
r-devel-linux-x86_64-fedora-gcc 0.1.2 47.71 NOTE
r-devel-windows-x86_64 0.1.2 15.00 57.00 72.00 NOTE
r-patched-linux-x86_64 0.1.2 3.31 27.03 30.34 NOTE
r-release-linux-x86_64 0.1.2 3.35 27.52 30.87 NOTE
r-release-macos-arm64 0.1.2 17.00 NOTE
r-release-macos-x86_64 0.1.2 23.00 NOTE
r-release-windows-x86_64 0.1.2 10.00 56.00 66.00 NOTE
r-oldrel-macos-arm64 0.1.2 20.00 NOTE
r-oldrel-macos-x86_64 0.1.2 28.00 NOTE
r-oldrel-windows-ix86+x86_64 0.1.2 10.00 49.00 59.00 NOTE

Check Details

Version: 0.1.2
Check: LazyData
Result: NOTE
     'LazyData' is specified without a 'data' directory
Flavors: r-devel-linux-x86_64-debian-clang, r-devel-linux-x86_64-debian-gcc, r-devel-linux-x86_64-fedora-clang, r-devel-linux-x86_64-fedora-gcc, r-devel-windows-x86_64, r-patched-linux-x86_64, r-release-linux-x86_64, r-release-macos-arm64, r-release-macos-x86_64, r-release-windows-x86_64, r-oldrel-macos-arm64, r-oldrel-macos-x86_64, r-oldrel-windows-ix86+x86_64