CRAN Package Check Results for Package stabs

Last updated on 2020-11-27 06:46:59 CET.

Flavor Version Tinstall Tcheck Ttotal Status Flags
r-devel-linux-x86_64-debian-clang 0.6-3 3.46 85.34 88.80 NOTE
r-devel-linux-x86_64-debian-gcc 0.6-3 2.59 62.94 65.53 NOTE
r-devel-linux-x86_64-fedora-clang 0.6-3 109.11 NOTE
r-devel-linux-x86_64-fedora-gcc 0.6-3 103.79 NOTE
r-devel-windows-ix86+x86_64 0.6-3 7.00 69.00 76.00 OK
r-patched-linux-x86_64 0.6-3 3.43 88.53 91.96 NOTE
r-patched-solaris-x86 0.6-3 166.40 NOTE
r-release-linux-x86_64 0.6-3 3.66 87.30 90.96 NOTE
r-release-macos-x86_64 0.6-3 OK
r-release-windows-ix86+x86_64 0.6-3 7.00 74.00 81.00 OK
r-oldrel-macos-x86_64 0.6-3 OK
r-oldrel-windows-ix86+x86_64 0.6-3 9.00 93.00 102.00 OK

Check Details

Version: 0.6-3
Check: package dependencies
Result: NOTE
    Package suggested but not available for checking: 'QUIC'
Flavors: r-devel-linux-x86_64-debian-clang, r-devel-linux-x86_64-debian-gcc, r-devel-linux-x86_64-fedora-clang, r-devel-linux-x86_64-fedora-gcc, r-patched-linux-x86_64, r-patched-solaris-x86, r-release-linux-x86_64

Version: 0.6-3
Check: Rd cross-references
Result: NOTE
    Unknown package 'QUIC' in Rd xrefs
Flavors: r-devel-linux-x86_64-debian-clang, r-devel-linux-x86_64-debian-gcc, r-devel-linux-x86_64-fedora-clang, r-devel-linux-x86_64-fedora-gcc, r-patched-linux-x86_64, r-patched-solaris-x86, r-release-linux-x86_64