CRAN Package Check Results for Package stacomiR

Last updated on 2023-03-20 05:52:48 CET.

Flavor Version Tinstall Tcheck Ttotal Status Flags
r-devel-linux-x86_64-debian-clang 0.6.0.7 OK
r-devel-linux-x86_64-debian-gcc 0.6.0.7 24.79 229.58 254.37 ERROR
r-devel-linux-x86_64-fedora-clang 0.6.0.7 419.79 NOTE
r-devel-linux-x86_64-fedora-gcc 0.6.0.7 405.11 NOTE
r-patched-linux-x86_64 0.6.0.7 30.12 289.75 319.87 OK
r-release-linux-x86_64 0.6.0.7 25.85 292.62 318.47 OK
r-release-macos-arm64 0.6.0.7 76.00 ERROR
r-release-macos-x86_64 0.6.0.7 148.00 NOTE
r-release-windows-x86_64 0.6.0.7 139.00 359.00 498.00 OK
r-oldrel-macos-arm64 0.6.0.7 103.00 WARN
r-oldrel-macos-x86_64 0.6.0.7 139.00 NOTE
r-oldrel-windows-ix86+x86_64 0.6.0.7 59.00 348.00 407.00 OK

Check Details

Version: 0.6.0.7
Check: re-building of vignette outputs
Result: ERROR
    Error(s) in re-building vignettes:
     ...
    --- re-building ‘stacomir.Rmd’ using rmarkdown
    Quitting from lines 302-324 (stacomir.Rmd)
    Error: processing vignette ‘stacomir.Rmd’ failed with diagnostics:
    DLL requires the use of native symbols
    --- failed re-building ‘stacomir.Rmd’
    
    SUMMARY: processing the following file failed:
     ‘stacomir.Rmd’
    
    Error: Vignette re-building failed.
    Execution halted
Flavor: r-devel-linux-x86_64-debian-gcc

Version: 0.6.0.7
Check: data for non-ASCII characters
Result: NOTE
     Note: found 40748 marked UTF-8 strings
Flavors: r-devel-linux-x86_64-fedora-clang, r-devel-linux-x86_64-fedora-gcc, r-release-macos-x86_64, r-oldrel-macos-arm64, r-oldrel-macos-x86_64

Version: 0.6.0.7
Check: re-building of vignette outputs
Result: ERROR
    Error(s) in re-building vignettes:
     ...
    --- re-building ‘stacomir.Rmd’ using rmarkdown
    Quitting from lines 302-324 (stacomir.Rmd)
    Error: processing vignette 'stacomir.Rmd' failed with diagnostics:
    duplicated values in No.pas
    --- failed re-building ‘stacomir.Rmd’
    
    SUMMARY: processing the following file failed:
     ‘stacomir.Rmd’
    
    Error: Vignette re-building failed.
    Execution halted
Flavor: r-release-macos-arm64

Version: 0.6.0.7
Check: re-building of vignette outputs
Result: WARN
    Error(s) in re-building vignettes:
     ...
    --- re-building ‘stacomir.Rmd’ using rmarkdown
    Quitting from lines 302-324 (stacomir.Rmd)
    Error: processing vignette 'stacomir.Rmd' failed with diagnostics:
    duplicated values in No.pas
    --- failed re-building ‘stacomir.Rmd’
    
    SUMMARY: processing the following file failed:
     ‘stacomir.Rmd’
    
    Error: Vignette re-building failed.
    Execution halted
Flavor: r-oldrel-macos-arm64