Last updated on 2021-04-17 06:46:58 CEST.
Flavor | Version | Tinstall | Tcheck | Ttotal | Status | Flags |
---|---|---|---|---|---|---|
r-devel-linux-x86_64-debian-clang | 0.7.1 | 2.91 | 49.07 | 51.98 | NOTE | --no-vignettes |
r-devel-linux-x86_64-debian-gcc | 0.7.1 | 2.35 | 35.80 | 38.15 | NOTE | --no-vignettes |
r-devel-linux-x86_64-fedora-clang | 0.7.1 | 1665.34 | NOTE | |||
r-devel-linux-x86_64-fedora-gcc | 0.7.1 | 1601.16 | NOTE | |||
r-devel-windows-ix86+x86_64 | 0.7.1 | 8.00 | 1213.00 | 1221.00 | NOTE | |
r-devel-windows-x86_64-gcc10-UCRT | 0.7.1 | NOTE | ||||
r-patched-linux-x86_64 | 0.7.1 | 2.72 | 45.23 | 47.95 | OK | --no-vignettes |
r-patched-solaris-x86 | 0.7.1 | 1965.30 | WARN | |||
r-release-linux-x86_64 | 0.7.1 | 2.47 | 45.20 | 47.67 | OK | --no-vignettes |
r-release-macos-x86_64 | 0.7.1 | OK | ||||
r-release-windows-ix86+x86_64 | 0.7.1 | 8.00 | 1628.00 | 1636.00 | OK | |
r-oldrel-macos-x86_64 | 0.7.1 | OK | ||||
r-oldrel-windows-ix86+x86_64 | 0.7.1 | 4.00 | 1391.00 | 1395.00 | OK |
Version: 0.7.1
Flags: --no-vignettes
Check: LazyData
Result: NOTE
'LazyData' is specified without a 'data' directory
Flavors: r-devel-linux-x86_64-debian-clang, r-devel-linux-x86_64-debian-gcc
Version: 0.7.1
Check: LazyData
Result: NOTE
'LazyData' is specified without a 'data' directory
Flavors: r-devel-linux-x86_64-fedora-clang, r-devel-linux-x86_64-fedora-gcc, r-devel-windows-ix86+x86_64, r-devel-windows-x86_64-gcc10-UCRT
Version: 0.7.1
Check: re-building of vignette outputs
Result: WARN
Error(s) in re-building vignettes:
...
--- re-building ‘staple_example.Rmd’ using rmarkdown
Warning in engine$weave(file, quiet = quiet, encoding = enc) :
Pandoc (>= 1.12.3) and/or pandoc-citeproc not available. Falling back to R Markdown v1.
Flavor: r-patched-solaris-x86