CRAN Package Check Results for Package statgenGxE

Last updated on 2022-01-26 06:50:30 CET.

Flavor Version Tinstall Tcheck Ttotal Status Flags
r-devel-linux-x86_64-debian-clang 1.0.4 10.72 203.12 213.84 NOTE
r-devel-linux-x86_64-debian-gcc 1.0.4 7.64 148.70 156.34 NOTE
r-devel-linux-x86_64-fedora-clang 1.0.4 238.88 NOTE
r-devel-linux-x86_64-fedora-gcc 1.0.4 234.09 NOTE
r-devel-windows-x86_64-new-UL 1.0.4 111.00 232.00 343.00 NOTE
r-devel-windows-x86_64-new-TK 1.0.4 ERROR
r-patched-linux-x86_64 1.0.4 14.49 179.86 194.35 NOTE
r-release-linux-x86_64 1.0.4 6.64 181.46 188.10 NOTE
r-release-macos-arm64 1.0.4 NOTE
r-release-macos-x86_64 1.0.4 NOTE
r-release-windows-ix86+x86_64 1.0.4 28.00 215.00 243.00 NOTE
r-oldrel-macos-x86_64 1.0.4 NOTE
r-oldrel-windows-ix86+x86_64 1.0.4 19.00 219.00 238.00 NOTE

Check Details

Version: 1.0.4
Check: package dependencies
Result: NOTE
    Package suggested but not available for checking: 'asreml'
Flavors: r-devel-linux-x86_64-debian-clang, r-devel-linux-x86_64-debian-gcc, r-devel-linux-x86_64-fedora-clang, r-devel-linux-x86_64-fedora-gcc, r-devel-windows-x86_64-new-UL, r-patched-linux-x86_64, r-release-linux-x86_64, r-release-macos-arm64, r-release-macos-x86_64, r-release-windows-ix86+x86_64, r-oldrel-macos-x86_64, r-oldrel-windows-ix86+x86_64

Version: 1.0.4
Check: package dependencies
Result: ERROR
    Packages required but not available: 'lme4', 'statgenSTA'
    
    Package suggested but not available for checking: 'asreml'
    
    See section 'The DESCRIPTION file' in the 'Writing R Extensions'
    manual.
Flavor: r-devel-windows-x86_64-new-TK