Last updated on 2022-05-29 06:51:44 CEST.
Flavor | Version | Tinstall | Tcheck | Ttotal | Status | Flags |
---|---|---|---|---|---|---|
r-devel-linux-x86_64-debian-clang | 2019.6 | 9.91 | 250.43 | 260.34 | NOTE | |
r-devel-linux-x86_64-debian-gcc | 2019.6 | 10.10 | 186.88 | 196.98 | NOTE | |
r-devel-linux-x86_64-fedora-clang | 2019.6 | 223.54 | NOTE | |||
r-devel-linux-x86_64-fedora-gcc | 2019.6 | 303.44 | NOTE | |||
r-devel-windows-x86_64 | 2019.6 | 69.00 | 399.00 | 468.00 | OK | |
r-patched-linux-x86_64 | 2019.6 | 12.49 | 229.40 | 241.89 | NOTE | |
r-release-linux-x86_64 | 2019.6 | 10.36 | 233.62 | 243.98 | NOTE | |
r-release-macos-arm64 | 2019.6 | 98.00 | OK | |||
r-release-macos-x86_64 | 2019.6 | 216.00 | OK | |||
r-release-windows-x86_64 | 2019.6 | 56.00 | 392.00 | 448.00 | OK | |
r-oldrel-macos-arm64 | 2019.6 | 104.00 | OK | |||
r-oldrel-macos-x86_64 | 2019.6 | 208.00 | OK | |||
r-oldrel-windows-ix86+x86_64 | 2019.6 | 160.00 | 374.00 | 534.00 | OK |
Version: 2019.6
Check: package dependencies
Result: NOTE
Package suggested but not available for checking: 'networksis'
Flavors: r-devel-linux-x86_64-debian-clang, r-devel-linux-x86_64-debian-gcc, r-devel-linux-x86_64-fedora-clang, r-devel-linux-x86_64-fedora-gcc, r-patched-linux-x86_64, r-release-linux-x86_64