CRAN Package Check Results for Package statnipokladna

Last updated on 2021-12-05 06:48:57 CET.

Flavor Version Tinstall Tcheck Ttotal Status Flags
r-devel-linux-x86_64-debian-clang 0.7.0 5.18 54.21 59.39 OK
r-devel-linux-x86_64-debian-gcc 0.7.0 4.07 42.25 46.32 OK
r-devel-linux-x86_64-fedora-clang 0.7.0 72.90 NOTE
r-devel-linux-x86_64-fedora-gcc 0.7.0 60.68 NOTE
r-devel-windows-x86_64-new-UL 0.7.0 15.00 104.00 119.00 OK
r-devel-windows-x86_64-new-TK 0.7.0 NOTE
r-devel-windows-x86_64-old 0.7.0 9.00 54.00 63.00 OK
r-patched-linux-x86_64 0.7.0 5.43 45.26 50.69 OK
r-release-linux-x86_64 0.7.0 5.10 53.66 58.76 OK
r-release-macos-arm64 0.7.0 NOTE
r-release-macos-x86_64 0.7.0 NOTE
r-release-windows-ix86+x86_64 0.7.0 11.00 69.00 80.00 OK
r-oldrel-macos-x86_64 0.7.0 NOTE
r-oldrel-windows-ix86+x86_64 0.7.0 11.00 72.00 83.00 OK

Check Details

Version: 0.7.0
Check: dependencies in R code
Result: NOTE
    Namespace in Imports field not imported from: ‘tidyselect’
     All declared Imports should be used.
Flavors: r-devel-linux-x86_64-fedora-clang, r-devel-linux-x86_64-fedora-gcc, r-devel-windows-x86_64-new-TK, r-release-macos-arm64, r-release-macos-x86_64, r-oldrel-macos-x86_64

Version: 0.7.0
Check: data for non-ASCII characters
Result: NOTE
     Note: found 52 marked UTF-8 strings
Flavors: r-devel-linux-x86_64-fedora-clang, r-devel-linux-x86_64-fedora-gcc, r-devel-windows-x86_64-new-TK, r-release-macos-arm64, r-release-macos-x86_64, r-oldrel-macos-x86_64