CRAN Package Check Results for Package stats4teaching

Last updated on 2024-06-12 07:57:17 CEST.

Flavor Version Tinstall Tcheck Ttotal Status Flags
r-devel-linux-x86_64-debian-clang 0.1.0 3.46 34.42 37.88 NOTE
r-devel-linux-x86_64-debian-gcc 0.1.0 2.33 26.20 28.53 NOTE
r-devel-linux-x86_64-fedora-clang 0.1.0 47.47 NOTE
r-devel-linux-x86_64-fedora-gcc 0.1.0 44.55 NOTE
r-devel-windows-x86_64 0.1.0 4.00 56.00 60.00 NOTE
r-patched-linux-x86_64 0.1.0 3.60 32.80 36.40 NOTE
r-release-linux-x86_64 0.1.0 3.57 32.25 35.82 NOTE
r-release-macos-arm64 0.1.0 20.00 NOTE
r-release-macos-x86_64 0.1.0 26.00 NOTE
r-release-windows-x86_64 0.1.0 5.00 56.00 61.00 NOTE
r-oldrel-macos-arm64 0.1.0 20.00 OK
r-oldrel-macos-x86_64 0.1.0 26.00 OK
r-oldrel-windows-x86_64 0.1.0 5.00 58.00 63.00 OK

Check Details

Version: 0.1.0
Check: Rd files
Result: NOTE checkRd: (-1) sample2indp.pow.Rd:48: Lost braces 48 | Pooled standard deviation= \code{sp} = sqrt{((n1 - 1) sigma1^2 +(n2 - 1) sigma2^2) / (n1 + n2 - 2)} | ^ Flavors: r-devel-linux-x86_64-debian-clang, r-devel-linux-x86_64-debian-gcc, r-devel-linux-x86_64-fedora-clang, r-devel-linux-x86_64-fedora-gcc, r-devel-windows-x86_64, r-patched-linux-x86_64, r-release-linux-x86_64, r-release-macos-arm64, r-release-macos-x86_64, r-release-windows-x86_64