CRAN Package Check Results for Package stlplus

Last updated on 2024-03-02 06:52:11 CET.

Flavor Version Tinstall Tcheck Ttotal Status Flags
r-devel-linux-x86_64-debian-clang 0.5.1 38.88 42.28 81.16 NOTE
r-devel-linux-x86_64-debian-gcc 0.5.1 26.48 32.16 58.64 NOTE
r-devel-linux-x86_64-fedora-clang 0.5.1 113.18 NOTE
r-devel-linux-x86_64-fedora-gcc 0.5.1 104.38 NOTE
r-devel-windows-x86_64 0.5.1 30.00 68.00 98.00 NOTE
r-patched-linux-x86_64 0.5.1 34.39 41.11 75.50 NOTE
r-release-linux-x86_64 0.5.1 37.78 40.95 78.73 NOTE
r-release-macos-arm64 0.5.1 32.00 NOTE
r-release-macos-x86_64 0.5.1 48.00 NOTE
r-release-windows-x86_64 0.5.1 37.00 77.00 114.00 NOTE
r-oldrel-macos-arm64 0.5.1 30.00 NOTE
r-oldrel-windows-x86_64 0.5.1 37.00 81.00 118.00 NOTE

Check Details

Version: 0.5.1
Check: LazyData
Result: NOTE 'LazyData' is specified without a 'data' directory Flavors: r-devel-linux-x86_64-debian-clang, r-devel-linux-x86_64-debian-gcc, r-devel-linux-x86_64-fedora-clang, r-devel-linux-x86_64-fedora-gcc, r-devel-windows-x86_64, r-patched-linux-x86_64, r-release-linux-x86_64, r-release-macos-arm64, r-release-macos-x86_64, r-release-windows-x86_64, r-oldrel-macos-arm64, r-oldrel-windows-x86_64

Version: 0.5.1
Check: compiled code
Result: NOTE File ‘stlplus/libs/stlplus.so’: Found no calls to: ‘R_registerRoutines’, ‘R_useDynamicSymbols’ It is good practice to register native routines and to disable symbol search. See ‘Writing portable packages’ in the ‘Writing R Extensions’ manual. Flavors: r-devel-linux-x86_64-fedora-clang, r-devel-linux-x86_64-fedora-gcc