CRAN Package Check Results for Package stm

Last updated on 2024-06-23 06:56:44 CEST.

Flavor Version Tinstall Tcheck Ttotal Status Flags
r-devel-linux-x86_64-debian-clang 1.3.7 46.39 257.36 303.75 ERROR
r-devel-linux-x86_64-debian-gcc 1.3.7 36.85 219.05 255.90 OK
r-devel-linux-x86_64-fedora-clang 1.3.7 459.78 OK
r-devel-linux-x86_64-fedora-gcc 1.3.7 453.56 OK
r-devel-windows-x86_64 1.3.7 44.00 280.00 324.00 OK
r-patched-linux-x86_64 1.3.7 50.23 295.31 345.54 OK
r-release-linux-x86_64 1.3.7 41.80 291.30 333.10 OK
r-release-macos-arm64 1.3.7 124.00 NOTE
r-release-macos-x86_64 1.3.7 196.00 NOTE
r-release-windows-x86_64 1.3.7 45.00 286.00 331.00 OK
r-oldrel-macos-arm64 1.3.7 141.00 NOTE
r-oldrel-macos-x86_64 1.3.7 346.00 NOTE
r-oldrel-windows-x86_64 1.3.7 56.00 345.00 401.00 OK

Check Details

Version: 1.3.7
Check: re-building of vignette outputs
Result: ERROR Error(s) in re-building vignettes: ... --- re-building ‘stmVignette.Rnw’ using Sweave stm v1.3.7 successfully loaded. See ?stm for help. Papers, resources, and other materials at structuraltopicmodel.com Warning in load(url("https://github.com/bstewart/stm/blob/gh-pages/files/VignetteObjects.RData?raw=true")) : URL 'https://raw.githubusercontent.com/bstewart/stm/gh-pages/files/VignetteObjects.RData': Timeout of 60 seconds was reached Error: processing vignette 'stmVignette.Rnw' failed with diagnostics: chunk 7 Error in load(url("https://github.com/bstewart/stm/blob/gh-pages/files/VignetteObjects.RData?raw=true")) : cannot open the connection to 'https://github.com/bstewart/stm/blob/gh-pages/files/VignetteObjects.RData?raw=true' --- failed re-building 'stmVignette.Rnw' SUMMARY: processing the following file failed: 'stmVignette.Rnw' Error: Vignette re-building failed. Execution halted Flavor: r-devel-linux-x86_64-debian-clang

Version: 1.3.7
Check: installed package size
Result: NOTE installed size is 5.3Mb sub-directories of 1Mb or more: data 1.7Mb libs 2.4Mb Flavors: r-release-macos-arm64, r-release-macos-x86_64, r-oldrel-macos-arm64, r-oldrel-macos-x86_64