Last updated on 2021-01-20 06:47:02 CET.
Flavor | Version | Tinstall | Tcheck | Ttotal | Status | Flags |
---|---|---|---|---|---|---|
r-devel-linux-x86_64-debian-clang | 0.3.0 | 12.46 | 123.10 | 135.56 | OK | |
r-devel-linux-x86_64-debian-gcc | 0.3.0 | 10.15 | 91.34 | 101.49 | OK | |
r-devel-linux-x86_64-fedora-clang | 0.3.0 | 173.24 | NOTE | |||
r-devel-linux-x86_64-fedora-gcc | 0.3.0 | 154.49 | NOTE | |||
r-devel-windows-ix86+x86_64 | 0.3.0 | 20.00 | 123.00 | 143.00 | OK | |
r-patched-linux-x86_64 | 0.3.0 | 7.72 | 113.46 | 121.18 | OK | |
r-patched-solaris-x86 | 0.3.0 | 232.30 | NOTE | |||
r-release-linux-x86_64 | 0.3.0 | 10.79 | 113.85 | 124.64 | OK | |
r-release-macos-x86_64 | 0.3.0 | NOTE | ||||
r-release-windows-ix86+x86_64 | 0.3.0 | 24.00 | 113.00 | 137.00 | OK | |
r-oldrel-macos-x86_64 | 0.3.0 | NOTE | ||||
r-oldrel-windows-ix86+x86_64 | 0.3.0 | 15.00 | 101.00 | 116.00 | OK |
Version: 0.3.0
Check: dependencies in R code
Result: NOTE
Namespaces in Imports field not imported from:
‘huge’ ‘readr’ ‘scales’ ‘shinyjs’
All declared Imports should be used.
Flavors: r-devel-linux-x86_64-fedora-clang, r-devel-linux-x86_64-fedora-gcc, r-patched-solaris-x86, r-release-macos-x86_64, r-oldrel-macos-x86_64