Last updated on 2025-01-22 07:50:39 CET.
Flavor | Version | Tinstall | Tcheck | Ttotal | Status | Flags |
---|---|---|---|---|---|---|
r-devel-linux-x86_64-debian-clang | 3.2.5 | 94.03 | 133.16 | 227.19 | OK | |
r-devel-linux-x86_64-debian-gcc | 3.2.5 | 69.36 | 105.32 | 174.68 | OK | |
r-devel-linux-x86_64-fedora-clang | 3.2.5 | 417.12 | OK | |||
r-devel-linux-x86_64-fedora-gcc | 3.2.5 | 434.65 | OK | |||
r-devel-windows-x86_64 | 3.2.5 | 96.00 | 224.00 | 320.00 | OK | |
r-patched-linux-x86_64 | 3.2.5 | 100.40 | 128.75 | 229.15 | OK | |
r-release-linux-x86_64 | 3.2.5 | 94.92 | 128.91 | 223.83 | OK | |
r-release-macos-arm64 | 3.2.5 | 121.00 | NOTE | |||
r-release-macos-x86_64 | 3.2.5 | 232.00 | NOTE | |||
r-release-windows-x86_64 | 3.2.5 | 98.00 | 226.00 | 324.00 | OK | |
r-oldrel-macos-arm64 | 3.2.5 | 116.00 | NOTE | |||
r-oldrel-macos-x86_64 | 3.2.5 | 200.00 | NOTE | |||
r-oldrel-windows-x86_64 | 3.2.5 | 117.00 | 252.00 | 369.00 | OK |
Version: 3.2.5
Check: installed package size
Result: NOTE
installed size is 9.7Mb
sub-directories of 1Mb or more:
doc 1.9Mb
libs 6.9Mb
Flavors: r-release-macos-arm64, r-release-macos-x86_64, r-oldrel-macos-arm64, r-oldrel-macos-x86_64