CRAN Package Check Results for Package stoichcalc

Last updated on 2020-09-20 06:48:32 CEST.

Flavor Version Tinstall Tcheck Ttotal Status Flags
r-devel-linux-x86_64-debian-clang 1.1-3 1.76 19.11 20.87 NOTE
r-devel-linux-x86_64-debian-gcc 1.1-3 1.63 15.30 16.93 NOTE
r-devel-linux-x86_64-fedora-clang 1.1-3 37.21 NOTE
r-devel-linux-x86_64-fedora-gcc 1.1-3 26.42 NOTE
r-devel-windows-ix86+x86_64 1.1-3 4.00 30.00 34.00 OK
r-patched-linux-x86_64 1.1-3 1.84 19.37 21.21 NOTE
r-patched-solaris-x86 1.1-3 41.40 OK
r-release-linux-x86_64 1.1-3 2.08 19.28 21.36 NOTE
r-release-macos-x86_64 1.1-3 OK
r-release-windows-ix86+x86_64 1.1-3 4.00 41.00 45.00 OK
r-oldrel-macos-x86_64 1.1-3 OK
r-oldrel-windows-ix86+x86_64 1.1-3 4.00 39.00 43.00 OK

Check Details

Version: 1.1-3
Check: Rd line widths
Result: NOTE
    Rd file 'calc.stoich.coef.Rd':
     \usage lines wider than 90 characters:
     calc.stoich.coef(alpha, name, subst, subst.norm, nu.norm = 1, constraints = list(), eps = 1e-5, verbose = TRUE)
    
    These lines will be truncated in the PDF manual.
Flavors: r-devel-linux-x86_64-debian-clang, r-devel-linux-x86_64-debian-gcc, r-devel-linux-x86_64-fedora-clang, r-devel-linux-x86_64-fedora-gcc, r-patched-linux-x86_64, r-release-linux-x86_64