Last updated on 2023-03-20 05:52:48 CET.
Flavor | Version | Tinstall | Tcheck | Ttotal | Status | Flags |
---|---|---|---|---|---|---|
r-devel-linux-x86_64-debian-clang | 2.3 | OK | ||||
r-devel-linux-x86_64-debian-gcc | 2.3 | 1.83 | 20.04 | 21.87 | OK | |
r-devel-linux-x86_64-fedora-clang | 2.3 | 36.22 | NOTE | |||
r-devel-linux-x86_64-fedora-gcc | 2.3 | 33.64 | NOTE | |||
r-patched-linux-x86_64 | 2.3 | 1.71 | 25.36 | 27.07 | OK | |
r-release-linux-x86_64 | 2.3 | 1.86 | 25.08 | 26.94 | OK | |
r-release-macos-arm64 | 2.3 | 16.00 | NOTE | |||
r-release-macos-x86_64 | 2.3 | 25.00 | NOTE | |||
r-release-windows-x86_64 | 2.3 | 16.00 | 57.00 | 73.00 | OK | |
r-oldrel-macos-arm64 | 2.3 | 17.00 | NOTE | |||
r-oldrel-macos-x86_64 | 2.3 | 23.00 | NOTE | |||
r-oldrel-windows-ix86+x86_64 | 2.3 | 7.00 | 53.00 | 60.00 | OK |
Version: 2.3
Check: data for non-ASCII characters
Result: NOTE
Note: found 22806 marked UTF-8 strings
Flavors: r-devel-linux-x86_64-fedora-clang, r-devel-linux-x86_64-fedora-gcc, r-release-macos-arm64, r-release-macos-x86_64, r-oldrel-macos-arm64, r-oldrel-macos-x86_64