Last updated on 2021-01-16 06:51:24 CET.
Flavor | Version | Tinstall | Tcheck | Ttotal | Status | Flags |
---|---|---|---|---|---|---|
r-devel-linux-x86_64-debian-clang | 2.0-4 | 25.57 | 161.38 | 186.95 | OK | |
r-devel-linux-x86_64-debian-gcc | 2.0-4 | 18.13 | 128.55 | 146.68 | OK | |
r-devel-linux-x86_64-fedora-clang | 2.0-4 | 246.43 | OK | |||
r-devel-linux-x86_64-fedora-gcc | 2.0-4 | 228.82 | OK | |||
r-devel-windows-ix86+x86_64 | 2.0-4 | 38.00 | 198.00 | 236.00 | OK | |
r-patched-linux-x86_64 | 2.0-4 | 24.72 | 150.61 | 175.33 | OK | |
r-patched-solaris-x86 | 2.0-4 | 367.60 | OK | |||
r-release-linux-x86_64 | 2.0-4 | 25.11 | 156.61 | 181.72 | OK | |
r-release-macos-x86_64 | 2.0-4 | ERROR | ||||
r-release-windows-ix86+x86_64 | 2.0-4 | 45.00 | 193.00 | 238.00 | OK | |
r-oldrel-macos-x86_64 | 2.0-4 | ERROR | ||||
r-oldrel-windows-ix86+x86_64 | 2.0-4 | 50.00 | 157.00 | 207.00 | OK |
Version: 2.0-4
Check: package dependencies
Result: ERROR
Package required but not available: ‘rpanel’
See section ‘The DESCRIPTION file’ in the ‘Writing R Extensions’
manual.
Flavors: r-release-macos-x86_64, r-oldrel-macos-x86_64