CRAN Package Check Results for Package stppSim

Last updated on 2022-10-05 06:51:35 CEST.

Flavor Version Tinstall Tcheck Ttotal Status Flags
r-devel-linux-x86_64-debian-clang 1.2.7 44.55 423.41 467.96 OK
r-devel-linux-x86_64-debian-gcc 1.2.7 39.24 310.33 349.57 OK
r-devel-linux-x86_64-fedora-clang 1.2.7 567.65 NOTE
r-devel-linux-x86_64-fedora-gcc 1.2.7 561.20 OK
r-devel-windows-x86_64 1.2.7 52.00 408.00 460.00 OK
r-patched-linux-x86_64 1.2.7 48.54 405.15 453.69 OK
r-release-linux-x86_64 1.2.7 39.42 403.31 442.73 OK
r-release-macos-arm64 1.2.7 138.00 OK
r-release-macos-x86_64 1.2.7 199.00 OK
r-release-windows-x86_64 1.2.7 52.00 415.00 467.00 OK
r-oldrel-macos-arm64 1.2.7 133.00 OK
r-oldrel-macos-x86_64 1.2.7 189.00 OK
r-oldrel-windows-ix86+x86_64 1.2.7 104.00 407.00 511.00 OK

Check Details

Version: 1.2.7
Check: package dependencies
Result: NOTE
    Imports includes 23 non-default packages.
    Importing from so many packages makes the package vulnerable to any of
    them becoming unavailable. Move as many as possible to Suggests and
    use conditionally.
Flavor: r-devel-linux-x86_64-fedora-clang