CRAN Package Check Results for Package stratEst

Last updated on 2023-06-03 07:03:53 CEST.

Flavor Version Tinstall Tcheck Ttotal Status Flags
r-devel-linux-x86_64-debian-clang 1.1.6 148.02 64.41 212.43 OK
r-devel-linux-x86_64-debian-gcc 1.1.6 111.72 47.47 159.19 OK
r-devel-linux-x86_64-fedora-clang 1.1.6 273.43 OK
r-devel-linux-x86_64-fedora-gcc 1.1.6 272.61 OK
r-devel-windows-x86_64 1.1.6 98.00 95.00 193.00 NOTE
r-patched-linux-x86_64 1.1.6 OK
r-release-linux-x86_64 1.1.6 113.48 60.35 173.83 OK
r-release-macos-arm64 1.1.6 91.00 NOTE
r-release-macos-x86_64 1.1.6 133.00 NOTE
r-release-windows-x86_64 1.1.6 125.00 105.00 230.00 NOTE
r-oldrel-macos-arm64 1.1.6 85.00 NOTE
r-oldrel-macos-x86_64 1.1.6 92.00 NOTE
r-oldrel-windows-x86_64 1.1.6 111.00 98.00 209.00 OK

Check Details

Version: 1.1.6
Check: C++ specification
Result: NOTE
     Specified C++14: please drop specification unless essential
Flavors: r-devel-windows-x86_64, r-release-windows-x86_64

Version: 1.1.6
Check: installed package size
Result: NOTE
     installed size is 10.6Mb
     sub-directories of 1Mb or more:
     libs 9.3Mb
Flavors: r-release-macos-arm64, r-release-macos-x86_64, r-oldrel-macos-arm64, r-oldrel-macos-x86_64