Last updated on 2023-01-28 07:15:09 CET.
Flavor | Version | Tinstall | Tcheck | Ttotal | Status | Flags |
---|---|---|---|---|---|---|
r-devel-linux-x86_64-debian-clang | 1.5.0 | 3.78 | 63.77 | 67.55 | OK | |
r-devel-linux-x86_64-debian-gcc | 1.5.0 | 4.20 | 47.10 | 51.30 | OK | |
r-devel-linux-x86_64-fedora-clang | 1.5.0 | 87.07 | NOTE | |||
r-devel-linux-x86_64-fedora-gcc | 1.5.0 | 93.88 | OK | |||
r-patched-linux-x86_64 | 1.5.0 | 9.84 | 57.68 | 67.52 | OK | |
r-release-linux-x86_64 | 1.5.0 | 5.50 | 57.03 | 62.53 | OK | |
r-release-macos-arm64 | 1.5.0 | 27.00 | OK | |||
r-release-macos-x86_64 | 1.5.0 | 40.00 | OK | |||
r-release-windows-x86_64 | 1.5.0 | 60.00 | 101.00 | 161.00 | OK | |
r-oldrel-macos-arm64 | 1.5.0 | 32.00 | OK | |||
r-oldrel-macos-x86_64 | 1.5.0 | 48.00 | OK | |||
r-oldrel-windows-ix86+x86_64 | 1.5.0 | 12.00 | 93.00 | 105.00 | OK |
Version: 1.5.0
Check: Rd cross-references
Result: NOTE
Undeclared package ‘dplyr’ in Rd xrefs
Flavor: r-devel-linux-x86_64-fedora-clang