CRAN Package Check Results for Package stringr

Last updated on 2020-12-04 06:47:01 CET.

Flavor Version Tinstall Tcheck Ttotal Status Flags
r-devel-linux-x86_64-debian-clang 1.4.0 3.56 38.25 41.81 OK
r-devel-linux-x86_64-debian-gcc 1.4.0 2.89 33.72 36.61 OK
r-devel-linux-x86_64-fedora-clang 1.4.0 54.73 NOTE
r-devel-linux-x86_64-fedora-gcc 1.4.0 46.81 NOTE
r-devel-windows-ix86+x86_64 1.4.0 6.00 55.00 61.00 OK
r-patched-linux-x86_64 1.4.0 3.64 37.67 41.31 OK
r-patched-solaris-x86 1.4.0 69.60 NOTE
r-release-linux-x86_64 1.4.0 3.52 37.03 40.55 OK
r-release-macos-x86_64 1.4.0 NOTE
r-release-windows-ix86+x86_64 1.4.0 6.00 49.00 55.00 OK
r-oldrel-macos-x86_64 1.4.0 NOTE
r-oldrel-windows-ix86+x86_64 1.4.0 4.00 51.00 55.00 OK

Check Details

Version: 1.4.0
Check: data for non-ASCII characters
Result: NOTE
     Note: found 3 marked UTF-8 strings
Flavors: r-devel-linux-x86_64-fedora-clang, r-devel-linux-x86_64-fedora-gcc, r-patched-solaris-x86, r-release-macos-x86_64, r-oldrel-macos-x86_64