CRAN Package Check Results for Package strucchange

Last updated on 2020-12-05 06:51:05 CET.

Flavor Version Tinstall Tcheck Ttotal Status Flags
r-devel-linux-x86_64-debian-clang 1.5-2 10.96 106.98 117.94 NOTE
r-devel-linux-x86_64-debian-gcc 1.5-2 8.04 77.58 85.62 NOTE
r-devel-linux-x86_64-fedora-clang 1.5-2 141.45 NOTE
r-devel-linux-x86_64-fedora-gcc 1.5-2 124.67 NOTE
r-devel-windows-ix86+x86_64 1.5-2 19.00 176.00 195.00 NOTE
r-patched-linux-x86_64 1.5-2 8.63 100.47 109.10 NOTE
r-patched-solaris-x86 1.5-2 160.90 NOTE
r-release-linux-x86_64 1.5-2 8.80 98.80 107.60 NOTE
r-release-macos-x86_64 1.5-2 NOTE
r-release-windows-ix86+x86_64 1.5-2 15.00 175.00 190.00 NOTE
r-oldrel-macos-x86_64 1.5-2 NOTE
r-oldrel-windows-ix86+x86_64 1.5-2 17.00 148.00 165.00 NOTE

Additional issues

rchk

Check Details

Version: 1.5-2
Check: R code for possible problems
Result: NOTE
    efpFunctional: multiple local function definitions for 'plotProcess'
     with different formal arguments
    mefp.efp: multiple local function definitions for 'computeEmpProc' with
     different formal arguments
Flavors: r-devel-linux-x86_64-debian-clang, r-devel-linux-x86_64-debian-gcc, r-devel-linux-x86_64-fedora-clang, r-devel-linux-x86_64-fedora-gcc, r-devel-windows-ix86+x86_64, r-patched-linux-x86_64, r-patched-solaris-x86, r-release-linux-x86_64, r-release-macos-x86_64, r-release-windows-ix86+x86_64, r-oldrel-macos-x86_64, r-oldrel-windows-ix86+x86_64