CRAN Package Check Results for Package subplex

Last updated on 2020-09-22 06:47:45 CEST.

Flavor Version Tinstall Tcheck Ttotal Status Flags
r-devel-linux-x86_64-debian-clang 1.6 3.38 76.50 79.88 OK
r-devel-linux-x86_64-debian-gcc 1.6 0.30 1.85 2.15 ERROR
r-devel-linux-x86_64-fedora-clang 1.6 113.04 OK
r-devel-linux-x86_64-fedora-gcc 1.6 90.61 OK
r-devel-windows-ix86+x86_64 1.6 17.00 130.00 147.00 OK
r-patched-linux-x86_64 1.6 3.09 73.67 76.76 OK
r-patched-solaris-x86 1.6 107.10 OK
r-release-linux-x86_64 1.6 3.08 74.28 77.36 OK
r-release-macos-x86_64 1.6 OK
r-release-windows-ix86+x86_64 1.6 17.00 169.00 186.00 OK
r-oldrel-macos-x86_64 1.6 OK
r-oldrel-windows-ix86+x86_64 1.6 18.00 145.00 163.00 OK

Check Details

Version: 1.6
Check: whether package can be installed
Result: ERROR
    Installation failed.
Flavor: r-devel-linux-x86_64-debian-gcc