CRAN Package Check Results for Package sunburstR

Last updated on 2020-09-22 06:47:45 CEST.

Flavor Version Tinstall Tcheck Ttotal Status Flags
r-devel-linux-x86_64-debian-clang 2.1.4 2.42 40.61 43.03 OK
r-devel-linux-x86_64-debian-gcc 2.1.4 0.48 2.24 2.72 ERROR
r-devel-linux-x86_64-fedora-clang 2.1.4 70.50 OK
r-devel-linux-x86_64-fedora-gcc 2.1.4 53.14 OK
r-devel-windows-ix86+x86_64 2.1.4 7.00 52.00 59.00 OK
r-patched-linux-x86_64 2.1.4 2.65 39.53 42.18 OK
r-patched-solaris-x86 2.1.4 78.70 OK
r-release-linux-x86_64 2.1.4 2.76 40.37 43.13 OK
r-release-macos-x86_64 2.1.4 OK
r-release-windows-ix86+x86_64 2.1.4 6.00 65.00 71.00 OK
r-oldrel-macos-x86_64 2.1.4 OK
r-oldrel-windows-ix86+x86_64 2.1.4 4.00 68.00 72.00 OK

Check Details

Version: 2.1.4
Check: whether package can be installed
Result: ERROR
    Installation failed.
Flavor: r-devel-linux-x86_64-debian-gcc