Last updated on 2023-01-31 06:51:37 CET.
Flavor | Version | Tinstall | Tcheck | Ttotal | Status | Flags |
---|---|---|---|---|---|---|
r-devel-linux-x86_64-debian-clang | 0.2.6.2 | 37.42 | 386.61 | 424.03 | OK | |
r-devel-linux-x86_64-debian-gcc | 0.2.6.2 | 29.15 | 263.60 | 292.75 | NOTE | |
r-devel-linux-x86_64-fedora-clang | 0.2.6.2 | 551.48 | NOTE | |||
r-devel-linux-x86_64-fedora-gcc | 0.2.6.2 | 555.45 | NOTE | |||
r-devel-windows-x86_64 | 0.2.6.2 | 55.00 | 560.00 | 615.00 | NOTE | |
r-patched-linux-x86_64 | 0.2.6.2 | 29.82 | 370.21 | 400.03 | OK | |
r-release-linux-x86_64 | 0.2.6.2 | 34.25 | 391.07 | 425.32 | OK | |
r-release-macos-arm64 | 0.2.6.2 | 132.00 | OK | |||
r-release-macos-x86_64 | 0.2.6.2 | 202.00 | OK | |||
r-release-windows-x86_64 | 0.2.6.2 | 51.00 | 579.00 | 630.00 | OK | |
r-oldrel-macos-arm64 | 0.2.6.2 | 123.00 | OK | |||
r-oldrel-macos-x86_64 | 0.2.6.2 | 217.00 | OK | |||
r-oldrel-windows-ix86+x86_64 | 0.2.6.2 | 95.00 | 646.00 | 741.00 | NOTE |
Version: 0.2.6.2
Check: C++ specification
Result: NOTE
Specified C++11: please update to current default of C++17
Flavors: r-devel-linux-x86_64-debian-gcc, r-devel-linux-x86_64-fedora-clang, r-devel-linux-x86_64-fedora-gcc, r-devel-windows-x86_64
Version: 0.2.6.2
Check: installed package size
Result: NOTE
installed size is 5.5Mb
sub-directories of 1Mb or more:
doc 1.4Mb
libs 2.3Mb
Flavor: r-oldrel-windows-ix86+x86_64