CRAN Package Check Results for Package superb

Last updated on 2022-01-21 07:52:50 CET.

Flavor Version Tinstall Tcheck Ttotal Status Flags
r-devel-linux-x86_64-debian-clang 0.9.7.8 OK
r-devel-linux-x86_64-debian-gcc 0.9.7.8 7.43 189.60 197.03 OK
r-devel-linux-x86_64-fedora-clang 0.9.7.8 318.35 NOTE
r-devel-linux-x86_64-fedora-gcc 0.9.7.8 306.82 NOTE
r-devel-windows-x86_64-new-UL 0.9.7.8 79.00 328.00 407.00 NOTE
r-devel-windows-x86_64-new-TK 0.9.7.8 NOTE
r-patched-linux-x86_64 0.9.7.8 8.33 271.69 280.02 OK
r-release-linux-x86_64 0.9.7.8 8.67 275.49 284.16 OK
r-release-macos-arm64 0.9.7.8 NOTE
r-release-macos-x86_64 0.9.7.8 NOTE
r-release-windows-ix86+x86_64 0.9.7.8 22.00 337.00 359.00 NOTE
r-oldrel-macos-x86_64 0.9.7.8 NOTE
r-oldrel-windows-ix86+x86_64 0.9.7.8 22.00 343.00 365.00 NOTE

Check Details

Version: 0.9.7.8
Check: installed package size
Result: NOTE
     installed size is 12.7Mb
     sub-directories of 1Mb or more:
     doc 12.1Mb
Flavors: r-devel-linux-x86_64-fedora-clang, r-devel-windows-x86_64-new-UL, r-release-macos-arm64, r-release-macos-x86_64, r-release-windows-ix86+x86_64, r-oldrel-macos-x86_64, r-oldrel-windows-ix86+x86_64

Version: 0.9.7.8
Check: dependencies in R code
Result: NOTE
    Namespace in Imports field not imported from: ‘psych’
     All declared Imports should be used.
Flavors: r-devel-linux-x86_64-fedora-clang, r-devel-linux-x86_64-fedora-gcc, r-devel-windows-x86_64-new-TK, r-release-macos-arm64, r-release-macos-x86_64, r-oldrel-macos-x86_64