CRAN Package Check Results for Package supernova

Last updated on 2021-12-03 06:49:19 CET.

Flavor Version Tinstall Tcheck Ttotal Status Flags
r-devel-linux-x86_64-debian-clang 2.4.4 6.14 81.84 87.98 OK
r-devel-linux-x86_64-debian-gcc 2.4.4 4.67 60.32 64.99 OK
r-devel-linux-x86_64-fedora-clang 2.4.4 115.14 NOTE
r-devel-linux-x86_64-fedora-gcc 2.4.4 101.96 NOTE
r-devel-windows-x86_64-new-UL 2.4.4 20.00 132.00 152.00 OK
r-devel-windows-x86_64-new-TK 2.4.4 NOTE
r-devel-windows-x86_64-old 2.4.4 12.00 85.00 97.00 OK
r-patched-linux-x86_64 2.4.4 10.14 74.81 84.95 OK
r-patched-solaris-x86 2.4.4 142.40 NOTE
r-release-linux-x86_64 2.4.4 5.51 74.83 80.34 OK
r-release-macos-arm64 2.4.4 NOTE
r-release-macos-x86_64 2.4.4 NOTE
r-release-windows-ix86+x86_64 2.4.4 15.00 109.00 124.00 OK
r-oldrel-macos-x86_64 2.4.4 NOTE
r-oldrel-windows-ix86+x86_64 2.4.4 15.00 106.00 121.00 OK

Check Details

Version: 2.4.4
Check: dependencies in R code
Result: NOTE
    Namespaces in Imports field not imported from:
     ‘backports’ ‘methods’
     All declared Imports should be used.
Flavors: r-devel-linux-x86_64-fedora-clang, r-devel-linux-x86_64-fedora-gcc, r-devel-windows-x86_64-new-TK, r-patched-solaris-x86, r-release-macos-arm64, r-release-macos-x86_64, r-oldrel-macos-x86_64