CRAN Package Check Results for Package survPen

Last updated on 2022-10-03 07:50:11 CEST.

Flavor Version Tinstall Tcheck Ttotal Status Flags
r-devel-linux-x86_64-debian-clang 1.5.2 46.68 225.30 271.98 OK --no-vignettes
r-devel-linux-x86_64-debian-gcc 1.5.2 33.77 607.40 641.17 OK --no-vignettes
r-devel-linux-x86_64-fedora-clang 1.5.2 987.30 OK
r-devel-linux-x86_64-fedora-gcc 1.5.2 695.38 OK
r-devel-windows-x86_64 1.5.2 47.00 429.00 476.00 OK
r-patched-linux-x86_64 1.5.2 41.02 172.06 213.08 OK --no-vignettes
r-release-linux-x86_64 1.5.2 37.78 174.98 212.76 OK --no-vignettes
r-release-macos-arm64 1.5.2 155.00 NOTE
r-release-macos-x86_64 1.5.2 271.00 NOTE
r-release-windows-x86_64 1.5.2 54.00 411.00 465.00 OK
r-oldrel-macos-arm64 1.5.2 134.00 NOTE
r-oldrel-macos-x86_64 1.5.2 261.00 NOTE
r-oldrel-windows-ix86+x86_64 1.5.2 94.00 549.00 643.00 OK

Check Details

Version: 1.5.2
Check: installed package size
Result: NOTE
     installed size is 15.1Mb
     sub-directories of 1Mb or more:
     libs 14.4Mb
Flavors: r-release-macos-arm64, r-release-macos-x86_64, r-oldrel-macos-arm64, r-oldrel-macos-x86_64