Last updated on 2023-09-24 07:55:23 CEST.
Flavor | Version | Tinstall | Tcheck | Ttotal | Status | Flags |
---|---|---|---|---|---|---|
r-devel-linux-x86_64-debian-clang | 1.6.0 | 46.15 | 127.18 | 173.33 | OK | --no-vignettes |
r-devel-linux-x86_64-debian-gcc | 1.6.0 | 32.59 | 100.08 | 132.67 | OK | --no-vignettes |
r-devel-linux-x86_64-fedora-clang | 1.6.0 | 503.83 | OK | |||
r-devel-linux-x86_64-fedora-gcc | 1.6.0 | 420.54 | OK | |||
r-devel-windows-x86_64 | 1.6.0 | 35.00 | 423.00 | 458.00 | OK | |
r-patched-linux-x86_64 | 1.6.0 | 39.22 | 129.87 | 169.09 | OK | --no-vignettes |
r-release-linux-x86_64 | 1.6.0 | 50.78 | 131.04 | 181.82 | OK | --no-vignettes |
r-release-macos-arm64 | 1.6.0 | 212.00 | NOTE | |||
r-release-macos-x86_64 | 1.6.0 | 438.00 | NOTE | |||
r-release-windows-x86_64 | 1.6.0 | 45.00 | 450.00 | 495.00 | OK | |
r-oldrel-macos-arm64 | 1.6.0 | 194.00 | NOTE | |||
r-oldrel-macos-x86_64 | 1.6.0 | 294.00 | NOTE | |||
r-oldrel-windows-x86_64 | 1.6.0 | 41.00 | 434.00 | 475.00 | OK |
Version: 1.6.0
Check: installed package size
Result: NOTE
installed size is 14.9Mb
sub-directories of 1Mb or more:
doc 1.5Mb
libs 13.0Mb
Flavors: r-release-macos-arm64, r-release-macos-x86_64, r-oldrel-macos-arm64, r-oldrel-macos-x86_64