CRAN Package Check Results for Package survxai

Last updated on 2022-01-26 06:50:31 CET.

Flavor Version Tinstall Tcheck Ttotal Status Flags
r-devel-linux-x86_64-debian-clang 0.2.2 13.00 333.31 346.31 OK
r-devel-linux-x86_64-debian-gcc 0.2.2 11.04 217.57 228.61 OK
r-devel-linux-x86_64-fedora-clang 0.2.2 304.15 OK
r-devel-linux-x86_64-fedora-gcc 0.2.2 262.38 OK
r-devel-windows-x86_64-new-UL 0.2.2 65.00 310.00 375.00 OK
r-devel-windows-x86_64-new-TK 0.2.2 ERROR
r-patched-linux-x86_64 0.2.2 12.61 287.20 299.81 OK
r-release-linux-x86_64 0.2.2 12.05 291.68 303.73 OK
r-release-macos-arm64 0.2.2 OK
r-release-macos-x86_64 0.2.2 OK
r-release-windows-ix86+x86_64 0.2.2 30.00 323.00 353.00 OK
r-oldrel-macos-x86_64 0.2.2 OK
r-oldrel-windows-ix86+x86_64 0.2.2 32.00 327.00 359.00 OK

Check Details

Version: 0.2.2
Check: package dependencies
Result: ERROR
    Package required but not available: 'survminer'
    
    See section 'The DESCRIPTION file' in the 'Writing R Extensions'
    manual.
Flavor: r-devel-windows-x86_64-new-TK