CRAN Package Check Results for Package svHttp

Last updated on 2021-01-16 06:51:24 CET.

Flavor Version Tinstall Tcheck Ttotal Status Flags
r-devel-linux-x86_64-debian-clang 0.9-55 2.12 23.72 25.84 NOTE
r-devel-linux-x86_64-debian-gcc 0.9-55 1.72 19.49 21.21 NOTE
r-devel-linux-x86_64-fedora-clang 0.9-55 42.23 NOTE
r-devel-linux-x86_64-fedora-gcc 0.9-55 31.23 NOTE
r-devel-windows-ix86+x86_64 0.9-55 4.00 32.00 36.00 NOTE
r-patched-linux-x86_64 0.9-55 1.86 22.93 24.79 NOTE
r-patched-solaris-x86 0.9-55 47.80 NOTE
r-release-linux-x86_64 0.9-55 2.01 23.12 25.13 NOTE
r-release-macos-x86_64 0.9-55 NOTE
r-release-windows-ix86+x86_64 0.9-55 4.00 30.00 34.00 NOTE
r-oldrel-macos-x86_64 0.9-55 NOTE
r-oldrel-windows-ix86+x86_64 0.9-55 4.00 44.00 48.00 NOTE

Check Details

Version: 0.9-55
Check: DESCRIPTION meta-information
Result: NOTE
    Malformed Description field: should contain one or more complete sentences.
Flavors: r-devel-linux-x86_64-debian-clang, r-devel-linux-x86_64-debian-gcc, r-devel-linux-x86_64-fedora-clang, r-devel-linux-x86_64-fedora-gcc, r-devel-windows-ix86+x86_64, r-patched-linux-x86_64, r-patched-solaris-x86, r-release-linux-x86_64, r-release-macos-x86_64, r-release-windows-ix86+x86_64, r-oldrel-macos-x86_64, r-oldrel-windows-ix86+x86_64

Version: 0.9-55
Check: R code for possible problems
Result: NOTE
    startHttpServer : <anonymous> : Rjsonp: no visible global function
     definition for 'localeToCharset'
    Undefined global functions or variables:
     localeToCharset
    Consider adding
     importFrom("utils", "localeToCharset")
    to your NAMESPACE file.
Flavors: r-devel-linux-x86_64-debian-clang, r-devel-linux-x86_64-debian-gcc, r-devel-linux-x86_64-fedora-clang, r-devel-linux-x86_64-fedora-gcc, r-devel-windows-ix86+x86_64, r-patched-linux-x86_64, r-patched-solaris-x86, r-release-linux-x86_64, r-release-macos-x86_64, r-release-windows-ix86+x86_64, r-oldrel-macos-x86_64, r-oldrel-windows-ix86+x86_64