CRAN Package Check Results for Package svKomodo

Last updated on 2021-01-16 06:51:24 CET.

Flavor Version Tinstall Tcheck Ttotal Status Flags
r-devel-linux-x86_64-debian-clang 0.9-63 2.09 25.91 28.00 NOTE
r-devel-linux-x86_64-debian-gcc 0.9-63 1.98 21.58 23.56 NOTE
r-devel-linux-x86_64-fedora-clang 0.9-63 45.29 NOTE
r-devel-linux-x86_64-fedora-gcc 0.9-63 33.75 NOTE
r-devel-windows-ix86+x86_64 0.9-63 5.00 35.00 40.00 NOTE
r-patched-linux-x86_64 0.9-63 2.47 25.02 27.49 NOTE
r-patched-solaris-x86 0.9-63 52.60 NOTE
r-release-linux-x86_64 0.9-63 2.46 25.14 27.60 NOTE
r-release-macos-x86_64 0.9-63 NOTE
r-release-windows-ix86+x86_64 0.9-63 4.00 32.00 36.00 NOTE
r-oldrel-macos-x86_64 0.9-63 NOTE
r-oldrel-windows-ix86+x86_64 0.9-63 4.00 45.00 49.00 NOTE

Check Details

Version: 0.9-63
Check: DESCRIPTION meta-information
Result: NOTE
    Malformed Description field: should contain one or more complete sentences.
Flavors: r-devel-linux-x86_64-debian-clang, r-devel-linux-x86_64-debian-gcc, r-devel-linux-x86_64-fedora-clang, r-devel-linux-x86_64-fedora-gcc, r-devel-windows-ix86+x86_64, r-patched-linux-x86_64, r-patched-solaris-x86, r-release-linux-x86_64, r-release-macos-x86_64, r-release-windows-ix86+x86_64, r-oldrel-macos-x86_64, r-oldrel-windows-ix86+x86_64

Version: 0.9-63
Check: R code for possible problems
Result: NOTE
    .onAttach : svBrowser: no visible global function definition for
     'browseURL'
    .onAttach: no visible global function definition for 'loadhistory'
    Undefined global functions or variables:
     browseURL loadhistory
    Consider adding
     importFrom("utils", "browseURL", "loadhistory")
    to your NAMESPACE file.
Flavors: r-devel-linux-x86_64-debian-clang, r-devel-linux-x86_64-debian-gcc, r-devel-linux-x86_64-fedora-clang, r-devel-linux-x86_64-fedora-gcc, r-devel-windows-ix86+x86_64, r-patched-linux-x86_64, r-patched-solaris-x86, r-release-linux-x86_64, r-release-macos-x86_64, r-release-windows-ix86+x86_64, r-oldrel-macos-x86_64, r-oldrel-windows-ix86+x86_64