CRAN Package Check Results for Package svars

Last updated on 2020-10-28 05:48:47 CET.

Flavor Version Tinstall Tcheck Ttotal Status Flags
r-devel-linux-x86_64-debian-clang 1.3.3 126.91 202.16 329.07 OK
r-devel-linux-x86_64-debian-gcc 1.3.3 94.42 147.32 241.74 OK
r-devel-linux-x86_64-fedora-clang 1.3.3 435.37 NOTE
r-devel-linux-x86_64-fedora-gcc 1.3.3 408.73 OK
r-devel-windows-ix86+x86_64 1.3.3 273.00 290.00 563.00 OK
r-patched-linux-x86_64 1.3.3 OK
r-patched-solaris-x86 1.3.3 457.50 OK
r-release-linux-x86_64 1.3.3 121.72 187.07 308.79 OK
r-release-macos-x86_64 1.3.3 NOTE
r-release-windows-ix86+x86_64 1.3.3 211.00 258.00 469.00 OK
r-oldrel-macos-x86_64 1.3.3 NOTE
r-oldrel-windows-ix86+x86_64 1.3.3 248.00 325.00 573.00 OK

Check Details

Version: 1.3.3
Check: installed package size
Result: NOTE
     installed size is 8.7Mb
     sub-directories of 1Mb or more:
     help 1.1Mb
     libs 7.0Mb
Flavors: r-devel-linux-x86_64-fedora-clang, r-release-macos-x86_64, r-oldrel-macos-x86_64