CRAN Package Check Results for Package swdft

Last updated on 2024-03-02 06:52:11 CET.

Flavor Version Tinstall Tcheck Ttotal Status Flags
r-devel-linux-x86_64-debian-clang 1.0.0 3.15 223.09 226.24 NOTE
r-devel-linux-x86_64-debian-gcc 1.0.0 2.95 161.99 164.94 NOTE
r-devel-linux-x86_64-fedora-clang 1.0.0 271.99 NOTE
r-devel-linux-x86_64-fedora-gcc 1.0.0 280.95 NOTE
r-devel-windows-x86_64 1.0.0 4.00 166.00 170.00 NOTE
r-patched-linux-x86_64 1.0.0 3.64 218.82 222.46 NOTE
r-release-linux-x86_64 1.0.0 3.34 213.88 217.22 NOTE
r-release-macos-arm64 1.0.0 65.00 NOTE
r-release-macos-x86_64 1.0.0 135.00 NOTE
r-release-windows-x86_64 1.0.0 5.00 224.00 229.00 NOTE
r-oldrel-macos-arm64 1.0.0 56.00 NOTE
r-oldrel-windows-x86_64 1.0.0 6.00 221.00 227.00 NOTE

Check Details

Version: 1.0.0
Check: LazyData
Result: NOTE 'LazyData' is specified without a 'data' directory Flavors: r-devel-linux-x86_64-debian-clang, r-devel-linux-x86_64-debian-gcc, r-devel-linux-x86_64-fedora-clang, r-devel-linux-x86_64-fedora-gcc, r-devel-windows-x86_64, r-patched-linux-x86_64, r-release-linux-x86_64, r-release-macos-arm64, r-release-macos-x86_64, r-release-windows-x86_64, r-oldrel-macos-arm64, r-oldrel-windows-x86_64