CRAN Package Check Results for Package swissMrP

Last updated on 2022-01-26 06:50:31 CET.

Flavor Version Tinstall Tcheck Ttotal Status Flags
r-devel-linux-x86_64-debian-clang 0.62 10.28 103.00 113.28 OK
r-devel-linux-x86_64-debian-gcc 0.62 9.04 81.56 90.60 OK
r-devel-linux-x86_64-fedora-clang 0.62 136.33 OK
r-devel-linux-x86_64-fedora-gcc 0.62 131.47 OK
r-devel-windows-x86_64-new-UL 0.62 32.00 147.00 179.00 OK
r-devel-windows-x86_64-new-TK 0.62 ERROR
r-patched-linux-x86_64 0.62 11.34 94.21 105.55 OK
r-release-linux-x86_64 0.62 11.63 94.87 106.50 OK
r-release-macos-arm64 0.62 OK
r-release-macos-x86_64 0.62 OK
r-release-windows-ix86+x86_64 0.62 34.00 142.00 176.00 OK
r-oldrel-macos-x86_64 0.62 OK
r-oldrel-windows-ix86+x86_64 0.62 35.00 142.00 177.00 OK

Check Details

Version: 0.62
Check: package dependencies
Result: ERROR
    Packages required but not available: 'arm', 'lme4', 'blme'
    
    See section 'The DESCRIPTION file' in the 'Writing R Extensions'
    manual.
Flavor: r-devel-windows-x86_64-new-TK