CRAN Package Check Results for Package symbolicDA

Last updated on 2021-01-17 06:47:05 CET.

Flavor Version Tinstall Tcheck Ttotal Status Flags
r-devel-linux-x86_64-debian-clang 0.6-2 23.96 542.74 566.70 OK
r-devel-linux-x86_64-debian-gcc 0.6-2 17.42 371.00 388.42 OK
r-devel-linux-x86_64-fedora-clang 0.6-2 661.65 OK
r-devel-linux-x86_64-fedora-gcc 0.6-2 673.74 OK
r-devel-windows-ix86+x86_64 0.6-2 34.00 131.00 165.00 OK --no-examples --no-tests --no-vignettes
r-patched-linux-x86_64 0.6-2 14.08 491.28 505.36 OK
r-patched-solaris-x86 0.6-2 755.70 OK
r-release-linux-x86_64 0.6-2 20.56 488.91 509.47 OK
r-release-macos-x86_64 0.6-2 OK
r-release-windows-ix86+x86_64 0.6-2 41.00 147.00 188.00 OK --no-examples --no-tests --no-vignettes
r-oldrel-macos-x86_64 0.6-2 WARN
r-oldrel-windows-ix86+x86_64 0.6-2 45.00 151.00 196.00 OK --no-examples --no-tests --no-vignettes

Additional issues

M1mac

Check Details

Version: 0.6-2
Check: whether package can be installed
Result: WARN
    Found the following significant warnings:
     Warning: 'rgl_init' failed, running with rgl.useNULL = TRUE
Flavor: r-oldrel-macos-x86_64

Version: 0.6-2
Check: dependencies in R code
Result: NOTE
    No protocol specified
Flavor: r-oldrel-macos-x86_64

Version: 0.6-2
Check: S3 generic/method consistency
Result: WARN
    No protocol specified
    See section ‘Generic functions and methods’ in the ‘Writing R
    Extensions’ manual.
Flavor: r-oldrel-macos-x86_64

Version: 0.6-2
Check: replacement functions
Result: WARN
    No protocol specified
    The argument of a replacement function which corresponds to the right
    hand side must be named ‘value’.
Flavor: r-oldrel-macos-x86_64

Version: 0.6-2
Check: foreign function calls
Result: NOTE
    No protocol specified
    See chapter ‘System and foreign language interfaces’ in the ‘Writing R
    Extensions’ manual.
Flavor: r-oldrel-macos-x86_64

Version: 0.6-2
Check: R code for possible problems
Result: NOTE
    No protocol specified
Flavor: r-oldrel-macos-x86_64

Version: 0.6-2
Check: for missing documentation entries
Result: WARN
    No protocol specified
    All user-level objects in a package should have documentation entries.
    See chapter ‘Writing R documentation files’ in the ‘Writing R
    Extensions’ manual.
Flavor: r-oldrel-macos-x86_64

Version: 0.6-2
Check: for code/documentation mismatches
Result: WARN
    No protocol specified
    No protocol specified
    No protocol specified
Flavor: r-oldrel-macos-x86_64

Version: 0.6-2
Check: Rd \usage sections
Result: NOTE
    No protocol specified
    The \usage entries for S3 methods should use the \method markup and not
    their full name.
    See chapter ‘Writing R documentation files’ in the ‘Writing R
    Extensions’ manual.
Flavor: r-oldrel-macos-x86_64