Last updated on 2023-01-28 07:15:09 CET.
Flavor | Version | Tinstall | Tcheck | Ttotal | Status | Flags |
---|---|---|---|---|---|---|
r-devel-linux-x86_64-debian-clang | 0.2.2 | 444.07 | 138.99 | 583.06 | OK | |
r-devel-linux-x86_64-debian-gcc | 0.2.2 | 469.74 | 96.83 | 566.57 | NOTE | |
r-devel-linux-x86_64-fedora-clang | 0.2.2 | 915.82 | NOTE | |||
r-devel-linux-x86_64-fedora-gcc | 0.2.2 | 929.83 | NOTE | |||
r-patched-linux-x86_64 | 0.2.2 | 507.11 | 123.85 | 630.96 | OK | |
r-release-linux-x86_64 | 0.2.2 | 500.79 | 122.42 | 623.21 | OK | |
r-release-macos-arm64 | 0.2.2 | 224.00 | NOTE | |||
r-release-macos-x86_64 | 0.2.2 | 252.00 | NOTE | |||
r-release-windows-x86_64 | 0.2.2 | 1167.00 | 239.00 | 1406.00 | NOTE | |
r-oldrel-macos-arm64 | 0.1.6 | 323.00 | NOTE | |||
r-oldrel-macos-x86_64 | 0.1.6 | 290.00 | NOTE | |||
r-oldrel-windows-ix86+x86_64 | 0.1.6 | 66.00 | 173.00 | 239.00 | NOTE |
Version: 0.2.2
Check: C++ specification
Result: NOTE
Specified C++11: please update to current default of C++17
Flavors: r-devel-linux-x86_64-debian-gcc, r-devel-linux-x86_64-fedora-clang, r-devel-linux-x86_64-fedora-gcc
Version: 0.2.2
Check: installed package size
Result: NOTE
installed size is 6.6Mb
sub-directories of 1Mb or more:
libs 5.7Mb
Flavors: r-devel-linux-x86_64-fedora-clang, r-release-macos-arm64, r-release-macos-x86_64, r-release-windows-x86_64
Version: 0.2.2
Check: for GNU extensions in Makefiles
Result: NOTE
GNU make is a SystemRequirements.
Flavors: r-devel-linux-x86_64-fedora-clang, r-devel-linux-x86_64-fedora-gcc, r-release-macos-arm64, r-release-macos-x86_64
Version: 0.1.6
Check: installed package size
Result: NOTE
installed size is 50.3Mb
sub-directories of 1Mb or more:
libs 49.4Mb
Flavors: r-oldrel-macos-arm64, r-oldrel-macos-x86_64, r-oldrel-windows-ix86+x86_64
Version: 0.1.6
Check: for GNU extensions in Makefiles
Result: NOTE
GNU make is a SystemRequirements.
Flavors: r-oldrel-macos-arm64, r-oldrel-macos-x86_64