CRAN Package Check Results for Package syntaxr

Last updated on 2023-11-28 07:53:19 CET.

Flavor Version Tinstall Tcheck Ttotal Status Flags
r-devel-linux-x86_64-debian-clang 0.8.0 1.77 22.30 24.07 NOTE
r-devel-linux-x86_64-debian-gcc 0.8.0 1.52 17.42 18.94 NOTE
r-devel-linux-x86_64-fedora-clang 0.8.0 31.07 NOTE
r-devel-linux-x86_64-fedora-gcc 0.8.0 29.78 NOTE
r-devel-windows-x86_64 0.8.0 3.00 43.00 46.00 NOTE
r-patched-linux-x86_64 0.8.0 1.79 22.31 24.10 NOTE
r-release-linux-x86_64 0.8.0 2.07 21.57 23.64 NOTE
r-release-macos-arm64 0.8.0 16.00 NOTE
r-release-macos-x86_64 0.8.0 19.00 NOTE
r-release-windows-x86_64 0.8.0 3.00 47.00 50.00 NOTE
r-oldrel-macos-arm64 0.8.0 16.00 NOTE
r-oldrel-macos-x86_64 0.8.0 21.00 NOTE
r-oldrel-windows-x86_64 0.8.0 4.00 44.00 48.00 NOTE

Check Details

Version: 0.8.0
Check: LazyData
Result: NOTE 'LazyData' is specified without a 'data' directory Flavors: r-devel-linux-x86_64-debian-clang, r-devel-linux-x86_64-debian-gcc, r-devel-linux-x86_64-fedora-clang, r-devel-linux-x86_64-fedora-gcc, r-devel-windows-x86_64, r-patched-linux-x86_64, r-release-linux-x86_64, r-release-macos-arm64, r-release-macos-x86_64, r-release-windows-x86_64, r-oldrel-macos-arm64, r-oldrel-macos-x86_64, r-oldrel-windows-x86_64