CRAN Package Check Results for Package syntaxr

Last updated on 2023-03-25 05:50:46 CET.

Flavor Version Tinstall Tcheck Ttotal Status Flags
r-devel-linux-x86_64-debian-clang 0.8.0 1.64 22.02 23.66 NOTE
r-devel-linux-x86_64-debian-gcc 0.8.0 1.52 17.32 18.84 NOTE
r-devel-linux-x86_64-fedora-clang 0.8.0 31.08 NOTE
r-devel-linux-x86_64-fedora-gcc 0.8.0 29.23 NOTE
r-patched-linux-x86_64 0.8.0 2.08 22.55 24.63 NOTE
r-release-linux-x86_64 0.8.0 1.60 22.30 23.90 NOTE
r-release-macos-arm64 0.8.0 17.00 NOTE
r-release-macos-x86_64 0.8.0 21.00 NOTE
r-release-windows-x86_64 0.8.0 13.00 53.00 66.00 NOTE
r-oldrel-macos-arm64 0.8.0 17.00 NOTE
r-oldrel-macos-x86_64 0.8.0 26.00 NOTE
r-oldrel-windows-ix86+x86_64 0.8.0 5.00 51.00 56.00 NOTE

Check Details

Version: 0.8.0
Check: LazyData
Result: NOTE
     'LazyData' is specified without a 'data' directory
Flavors: r-devel-linux-x86_64-debian-clang, r-devel-linux-x86_64-debian-gcc, r-devel-linux-x86_64-fedora-clang, r-devel-linux-x86_64-fedora-gcc, r-patched-linux-x86_64, r-release-linux-x86_64, r-release-macos-arm64, r-release-macos-x86_64, r-release-windows-x86_64, r-oldrel-macos-arm64, r-oldrel-macos-x86_64, r-oldrel-windows-ix86+x86_64