CRAN Package Check Results for Package tLagPropOdds

Last updated on 2022-01-26 06:50:32 CET.

Flavor Version Tinstall Tcheck Ttotal Status Flags
r-devel-linux-x86_64-debian-clang 1.6 10.17 106.97 117.14 OK
r-devel-linux-x86_64-debian-gcc 1.6 7.39 78.27 85.66 OK
r-devel-linux-x86_64-fedora-clang 1.6 138.18 OK
r-devel-linux-x86_64-fedora-gcc 1.6 126.80 OK
r-devel-windows-x86_64-new-UL 1.6 48.00 117.00 165.00 OK
r-devel-windows-x86_64-new-TK 1.6 OK
r-patched-linux-x86_64 1.6 9.44 95.04 104.48 OK
r-release-linux-x86_64 1.6 10.39 94.12 104.51 OK
r-release-macos-arm64 1.6 OK
r-release-macos-x86_64 1.6 WARN --as-cran
r-release-windows-ix86+x86_64 1.6 22.00 109.00 131.00 OK
r-oldrel-macos-x86_64 1.6 OK
r-oldrel-windows-ix86+x86_64 1.6 22.00 112.00 134.00 OK

Check Details

Version: 1.6
Flags: --as-cran
Check: CRAN incoming feasibility
Result: WARN
    Maintainer: ‘Shannon T. Holloway <sthollow@ncsu.edu>’
    
    Insufficient package version (submitted: 1.6, existing: 1.6)
    
    Days since last update: 1
Flavor: r-release-macos-x86_64