CRAN Package Check Results for Package tableschema.r

Last updated on 2020-10-28 05:48:47 CET.

Flavor Version Tinstall Tcheck Ttotal Status Flags
r-devel-linux-x86_64-debian-clang 1.1.1 12.52 66.18 78.70 OK
r-devel-linux-x86_64-debian-gcc 1.1.1 11.81 49.98 61.79 OK
r-devel-linux-x86_64-fedora-gcc 1.1.1 102.70 NOTE
r-devel-windows-ix86+x86_64 1.1.1 22.00 133.00 155.00 OK
r-patched-linux-x86_64 1.1.1 ERROR
r-patched-solaris-x86 1.1.1 121.20 NOTE
r-release-linux-x86_64 1.1.1 15.15 64.50 79.65 OK
r-release-macos-x86_64 1.1.1 NOTE
r-release-windows-ix86+x86_64 1.1.1 14.00 128.00 142.00 OK
r-oldrel-macos-x86_64 1.1.1 NOTE
r-oldrel-windows-ix86+x86_64 1.1.1 19.00 149.00 168.00 OK

Check Details

Version: 1.1.1
Check: dependencies in R code
Result: NOTE
    Namespace in Imports field not imported from: ‘iterators’
     All declared Imports should be used.
Flavors: r-devel-linux-x86_64-fedora-gcc, r-patched-solaris-x86, r-release-macos-x86_64, r-oldrel-macos-x86_64

Version: 1.1.1
Check: package dependencies
Result: ERROR
    Package required but not available: ‘jsonvalidate’
    
    See section ‘The DESCRIPTION file’ in the ‘Writing R Extensions’
    manual.
Flavor: r-patched-linux-x86_64