CRAN Package Check Results for Package tagcloud

Last updated on 2024-07-22 06:49:21 CEST.

Flavor Version Tinstall Tcheck Ttotal Status Flags
r-devel-linux-x86_64-debian-clang 0.6 18.90 40.30 59.20 OK
r-devel-linux-x86_64-debian-gcc 0.6 12.36 29.96 42.32 NOTE
r-devel-linux-x86_64-fedora-clang 0.6 91.29 NOTE
r-devel-linux-x86_64-fedora-gcc 0.6 114.97 NOTE
r-devel-windows-x86_64 0.6 17.00 68.00 85.00 NOTE
r-patched-linux-x86_64 0.6 19.70 37.24 56.94 OK
r-release-linux-x86_64 0.6 15.78 37.69 53.47 OK
r-release-macos-arm64 0.6 36.00 OK
r-release-macos-x86_64 0.6 53.00 OK
r-release-windows-x86_64 0.6 22.00 66.00 88.00 OK
r-oldrel-macos-arm64 0.6 41.00 OK
r-oldrel-macos-x86_64 0.6 58.00 OK
r-oldrel-windows-x86_64 0.6 24.00 77.00 101.00 OK

Check Details

Version: 0.6
Check: Rd cross-references
Result: NOTE Found the following Rd file(s) with Rd \link{} targets missing package anchors: smoothPalette.Rd: brewer.pal Please provide package anchors for all Rd \link{} targets not in the package itself and the base packages. Flavors: r-devel-linux-x86_64-debian-gcc, r-devel-windows-x86_64

Version: 0.6
Check: compiled code
Result: NOTE File ‘tagcloud/libs/tagcloud.so’: Found no calls to: ‘R_registerRoutines’, ‘R_useDynamicSymbols’ It is good practice to register native routines and to disable symbol search. See ‘Writing portable packages’ in the ‘Writing R Extensions’ manual. Flavors: r-devel-linux-x86_64-fedora-clang, r-devel-linux-x86_64-fedora-gcc