CRAN Package Check Results for Package takos

Last updated on 2022-05-22 06:52:14 CEST.

Flavor Version Tinstall Tcheck Ttotal Status Flags
r-devel-linux-x86_64-debian-clang 0.2.0 9.43 83.90 93.33 NOTE
r-devel-linux-x86_64-debian-gcc 0.2.0 6.84 61.46 68.30 NOTE
r-devel-linux-x86_64-fedora-clang 0.2.0 112.52 NOTE
r-devel-linux-x86_64-fedora-gcc 0.2.0 104.33 NOTE
r-devel-windows-x86_64 0.2.0 25.00 104.00 129.00 NOTE
r-patched-linux-x86_64 0.2.0 7.22 77.65 84.87 NOTE
r-release-linux-x86_64 0.2.0 5.32 77.26 82.58 NOTE
r-release-macos-arm64 0.2.0 31.00 NOTE
r-release-macos-x86_64 0.2.0 62.00 NOTE
r-release-windows-x86_64 0.2.0 21.00 104.00 125.00 NOTE
r-oldrel-macos-arm64 0.2.0 30.00 NOTE
r-oldrel-macos-x86_64 0.2.0 57.00 NOTE
r-oldrel-windows-ix86+x86_64 0.2.0 20.00 94.00 114.00 NOTE

Check Details

Version: 0.2.0
Check: LazyData
Result: NOTE
     'LazyData' is specified without a 'data' directory
Flavors: r-devel-linux-x86_64-debian-clang, r-devel-linux-x86_64-debian-gcc, r-devel-linux-x86_64-fedora-clang, r-devel-linux-x86_64-fedora-gcc, r-devel-windows-x86_64, r-patched-linux-x86_64, r-release-linux-x86_64, r-release-macos-arm64, r-release-macos-x86_64, r-release-windows-x86_64, r-oldrel-macos-arm64, r-oldrel-macos-x86_64, r-oldrel-windows-ix86+x86_64

Version: 0.2.0
Check: dependencies in R code
Result: NOTE
    Namespaces in Imports field not imported from:
     ‘MASS’ ‘devEMF’ ‘segmented’ ‘smoother’ ‘tools’
     All declared Imports should be used.
Flavors: r-devel-linux-x86_64-fedora-clang, r-devel-linux-x86_64-fedora-gcc, r-release-macos-arm64, r-release-macos-x86_64, r-oldrel-macos-arm64, r-oldrel-macos-x86_64