CRAN Package Check Results for Package taxadb

Last updated on 2021-01-28 06:50:08 CET.

Flavor Version Tinstall Tcheck Ttotal Status Flags
r-devel-linux-x86_64-debian-clang 0.1.0 6.62 129.59 136.21 NOTE
r-devel-linux-x86_64-debian-gcc 0.1.0 4.99 105.64 110.63 NOTE
r-devel-linux-x86_64-fedora-clang 0.1.0 173.48 NOTE
r-devel-linux-x86_64-fedora-gcc 0.1.0 166.52 NOTE
r-devel-windows-ix86+x86_64 0.1.0 17.00 258.00 275.00 NOTE
r-patched-linux-x86_64 0.1.0 6.50 126.02 132.52 NOTE
r-patched-solaris-x86 0.1.0 280.00 NOTE
r-release-linux-x86_64 0.1.0 7.39 125.76 133.15 NOTE
r-release-macos-x86_64 0.1.0 NOTE
r-release-windows-ix86+x86_64 0.1.0 17.00 196.00 213.00 NOTE
r-oldrel-macos-x86_64 0.1.0 NOTE
r-oldrel-windows-ix86+x86_64 0.1.0 20.00 280.00 300.00 OK

Additional issues

donttest

Check Details

Version: 0.1.0
Check: package dependencies
Result: NOTE
    Package suggested but not available for checking: 'MonetDBLite'
Flavors: r-devel-linux-x86_64-debian-clang, r-devel-linux-x86_64-debian-gcc, r-devel-linux-x86_64-fedora-clang, r-devel-linux-x86_64-fedora-gcc, r-devel-windows-ix86+x86_64, r-patched-linux-x86_64, r-patched-solaris-x86, r-release-linux-x86_64, r-release-windows-ix86+x86_64

Version: 0.1.0
Check: dependencies in R code
Result: NOTE
    Namespace in Imports field not imported from: ‘RSQLite’
     All declared Imports should be used.
Flavors: r-devel-linux-x86_64-fedora-clang, r-devel-linux-x86_64-fedora-gcc, r-patched-solaris-x86, r-release-macos-x86_64, r-oldrel-macos-x86_64

Version: 0.1.0
Check: package dependencies
Result: NOTE
    Packages suggested but not available for checking: 'MonetDBLite', 'duckdb'
Flavor: r-release-macos-x86_64

Version: 0.1.0
Check: package dependencies
Result: NOTE
    Package suggested but not available for checking: ‘duckdb’
Flavor: r-oldrel-macos-x86_64