Last updated on 2023-03-28 06:51:32 CEST.
Flavor | Version | Tinstall | Tcheck | Ttotal | Status | Flags |
---|---|---|---|---|---|---|
r-devel-linux-x86_64-debian-clang | 0.1.5 | 3.11 | 30.51 | 33.62 | OK | |
r-devel-linux-x86_64-debian-gcc | 0.1.5 | 2.39 | 23.59 | 25.98 | OK | |
r-devel-linux-x86_64-fedora-clang | 0.1.5 | 44.89 | OK | |||
r-devel-linux-x86_64-fedora-gcc | 0.1.5 | 39.47 | OK | |||
r-patched-linux-x86_64 | 0.1.5 | 2.78 | 29.68 | 32.46 | OK | |
r-release-linux-x86_64 | 0.1.5 | 3.16 | 31.00 | 34.16 | OK | |
r-release-macos-arm64 | 0.1.5 | 22.00 | OK | |||
r-release-macos-x86_64 | 0.1.5 | 28.00 | OK | |||
r-release-windows-x86_64 | 0.1.5 | 14.00 | 58.00 | 72.00 | OK | |
r-oldrel-macos-arm64 | 0.1.5 | 19.00 | OK | |||
r-oldrel-macos-x86_64 | 0.1.5 | 28.00 | OK | |||
r-oldrel-windows-ix86+x86_64 | 0.1.5 | 8.00 | 56.00 | 64.00 | NOTE |
Version: 0.1.5
Check: R code for possible problems
Result: NOTE
Initiating curl with CURL_SSL_BACKEND: openssl
Flavor: r-oldrel-windows-ix86+x86_64