CRAN Package Check Results for Package teal.widgets

Last updated on 2024-07-19 07:51:21 CEST.

Flavor Version Tinstall Tcheck Ttotal Status Flags
r-devel-linux-x86_64-debian-clang 0.4.2 6.23 82.42 88.65 OK
r-devel-linux-x86_64-debian-gcc 0.4.2 4.26 61.37 65.63 OK
r-devel-linux-x86_64-fedora-clang 0.4.2 115.06 NOTE
r-devel-linux-x86_64-fedora-gcc 0.4.2 131.47 NOTE
r-devel-windows-x86_64 0.4.2 7.00 88.00 95.00 OK
r-patched-linux-x86_64 0.4.2 5.71 77.35 83.06 OK
r-release-linux-x86_64 0.4.2 6.29 79.75 86.04 OK
r-release-macos-arm64 0.4.2 49.00 OK
r-release-macos-x86_64 0.4.2 79.00 OK
r-release-windows-x86_64 0.4.2 8.00 87.00 95.00 OK
r-oldrel-macos-arm64 0.4.2 80.00 OK
r-oldrel-macos-x86_64 0.4.2 100.00 OK
r-oldrel-windows-x86_64 0.4.2 9.00 98.00 107.00 OK

Check Details

Version: 0.4.2
Check: for detritus in the temp directory
Result: NOTE Found the following files/directories: ‘Crashpad’ Flavors: r-devel-linux-x86_64-fedora-clang, r-devel-linux-x86_64-fedora-gcc