Last updated on 2023-12-09 07:49:49 CET.
Flavor | Version | Tinstall | Tcheck | Ttotal | Status | Flags |
---|---|---|---|---|---|---|
r-devel-linux-x86_64-debian-clang | 1.0.3 | 234.25 | 392.95 | 627.20 | NOTE | |
r-devel-linux-x86_64-debian-gcc | 1.0.3 | 199.70 | 283.94 | 483.64 | NOTE | |
r-devel-linux-x86_64-fedora-clang | 1.0.3 | 908.58 | NOTE | |||
r-devel-linux-x86_64-fedora-gcc | 1.0.3 | 881.79 | NOTE | |||
r-devel-windows-x86_64 | 1.0.3 | 206.00 | 278.00 | 484.00 | NOTE | |
r-patched-linux-x86_64 | 1.0.3 | 162.54 | 383.39 | 545.93 | NOTE | |
r-release-linux-x86_64 | 1.0.3 | 170.50 | 373.89 | 544.39 | NOTE | |
r-release-macos-arm64 | 1.0.3 | 203.00 | NOTE | |||
r-release-macos-x86_64 | 1.0.3 | 354.00 | NOTE | |||
r-release-windows-x86_64 | 1.0.3 | 267.00 | 370.00 | 637.00 | NOTE | |
r-oldrel-macos-arm64 | 1.0.3 | 168.00 | NOTE | |||
r-oldrel-macos-x86_64 | 1.0.3 | 287.00 | NOTE | |||
r-oldrel-windows-x86_64 | 1.0.3 | 267.00 | 345.00 | 612.00 | OK |
Version: 1.0.3
Check: C++ specification
Result: NOTE
Specified C++11: please drop specification unless essential
Flavors: r-devel-linux-x86_64-debian-clang, r-devel-linux-x86_64-debian-gcc, r-devel-linux-x86_64-fedora-clang, r-devel-linux-x86_64-fedora-gcc, r-devel-windows-x86_64, r-patched-linux-x86_64, r-release-linux-x86_64, r-release-macos-arm64, r-release-macos-x86_64, r-release-windows-x86_64
Version: 1.0.3
Check: installed package size
Result: NOTE
installed size is 18.7Mb
sub-directories of 1Mb or more:
data 2.4Mb
libs 16.0Mb
Flavors: r-release-macos-arm64, r-release-macos-x86_64, r-oldrel-macos-arm64, r-oldrel-macos-x86_64