CRAN Package Check Results for Package telefit

Last updated on 2020-09-27 06:46:46 CEST.

Flavor Version Tinstall Tcheck Ttotal Status Flags
r-devel-linux-x86_64-debian-clang 1.0.3 257.08 161.32 418.40 OK
r-devel-linux-x86_64-debian-gcc 1.0.3 203.14 119.20 322.34 OK
r-devel-linux-x86_64-fedora-clang 1.0.3 638.93 NOTE
r-devel-linux-x86_64-fedora-gcc 1.0.3 543.55 OK
r-devel-windows-ix86+x86_64 1.0.3 570.00 305.00 875.00 NOTE
r-patched-linux-x86_64 1.0.3 206.92 150.31 357.23 OK
r-patched-solaris-x86 1.0.3 506.00 OK
r-release-linux-x86_64 1.0.3 204.46 150.94 355.40 OK
r-release-macos-x86_64 1.0.3 NOTE
r-release-windows-ix86+x86_64 1.0.3 591.00 315.00 906.00 NOTE
r-oldrel-macos-x86_64 1.0.3 NOTE
r-oldrel-windows-ix86+x86_64 1.0.3 525.00 282.00 807.00 NOTE

Check Details

Version: 1.0.3
Check: installed package size
Result: NOTE
     installed size is 20.2Mb
     sub-directories of 1Mb or more:
     data 2.4Mb
     libs 17.5Mb
Flavors: r-devel-linux-x86_64-fedora-clang, r-devel-windows-ix86+x86_64, r-release-macos-x86_64, r-release-windows-ix86+x86_64, r-oldrel-macos-x86_64, r-oldrel-windows-ix86+x86_64